{"id":258286,"date":"2023-10-25T11:46:10","date_gmt":"2023-10-25T15:46:10","guid":{"rendered":"https:\/\/maryandthewax.com\/?post_type=product&#038;p=258286"},"modified":"2024-01-05T03:51:56","modified_gmt":"2024-01-05T07:51:56","slug":"carnet-sape-flashy-green-awoulaba","status":"publish","type":"product","link":"https:\/\/maryandthewax.com\/?product=carnet-sape-flashy-green-awoulaba","title":{"rendered":"CARNET SAPE FLASHY GREEN AWOULABA"},"content":{"rendered":"<p class=\"p1\">Une cr\u00e9ation que Mary affectionne tout particuli\u00e8rement. Ce carnet vous accompagnera au travail ou dans vos activit\u00e9s cr\u00e9atives. Il deviendra votre essentiel ! V\u00e9ritable pense-b\u00eate ou outil d\u2019organisation, il vous permettra de synth\u00e9tiser vos t\u00e2ches ou informations importantes \u00e0 votre guise puisqu\u2019il est vierge. Les afficionados du bullet journal seront ravis\u00a0!<\/p>\n<p class=\"p1\"><span class=\"Apple-converted-space\">\u00a0<\/span>Mary a choisi les carnets de la marque RHODIA. RHODIA, marque fran\u00e7aise cr\u00e9\u00e9e en 1934 est une des meilleures marques de carnets reconnue wordwide pour sa qualit\u00e9 et ses finitions irr\u00e9prochables issues d\u2019un v\u00e9ritable savoir-faire papetier.<span class=\"Apple-converted-space\">\u00a0 <\/span>Le mod\u00e8le propos\u00e9 est au format A5. Il comporte 192 pages lign\u00e9es de papier ivoire velin velout\u00e9 (90g\/m<span class=\"s1\"><sup>2<\/sup><\/span> \u2013 certifi\u00e9 PEFC \/ Fabrication fran\u00e7aise). Il dispose d\u2019un ruban marque-pages vous permettant de reprendre vos notes o\u00f9 vous les aviez laiss\u00e9es. Sa couverture rigide lui conf\u00e8re une meilleure tenue et dur\u00e9e dans le temps. <span class=\"Apple-converted-space\">\u00a0<\/span><\/p>\n<p class=\"p1\">Mary a pris soin de vous proposer un habillage permanent en Wax v\u00e9ritable. Vous pouvez choisir le carnet qui vous ressemble ou qui vous surprend. Vous le reconna\u00eetrez ou retrouverez en un clin d\u2019\u0153il et le glisserez facilement dans votre sac.<span class=\"Apple-converted-space\">\u00a0<\/span><\/p>\n<p class=\"p1\">Encore une id\u00e9e cadeau pratique qui ne passera pas inaper\u00e7ue par ses finitions soign\u00e9es et ses couleurs originales.<span class=\"Apple-converted-space\">\u00a0 <\/span>Fait main dans l\u2019atelier de Mary, ce carnet de notes sap\u00e9 est fabriqu\u00e9 en tr\u00e8s petite quantit\u00e9 voire en mod\u00e8le unique. La position du motif peut varier selon le mod\u00e8le.<\/p>\n","protected":false},"excerpt":{"rendered":"<p class=\"p1\">Une cr\u00e9ation que Mary affectionne tout particuli\u00e8rement. Ce carnet vous accompagnera au travail ou dans vos activit\u00e9s cr\u00e9atives. Il deviendra votre essentiel ! V\u00e9ritable pense-b\u00eate ou outil d\u2019organisation, il vous permettra de synth\u00e9tiser vos t\u00e2ches ou informations importantes \u00e0 votre guise puisqu\u2019il est vierge. Les afficionados du bullet journal seront ravis\u00a0!<\/p>\n<p class=\"p1\"><span class=\"Apple-converted-space\">\u00a0<\/span>Mary a choisi les carnets de la marque RHODIA. RHODIA, marque fran\u00e7aise cr\u00e9\u00e9e en 1934 est une des meilleures marques de carnets reconnue wordwide pour sa qualit\u00e9 et ses finitions irr\u00e9prochables issues d\u2019un v\u00e9ritable savoir-faire papetier.<span class=\"Apple-converted-space\">\u00a0 <\/span>Le mod\u00e8le propos\u00e9 est au format A5. Il comporte 192 pages lign\u00e9es de papier ivoire velin velout\u00e9 (90g\/m<span class=\"s1\"><sup>2<\/sup><\/span> \u2013 certifi\u00e9 PEFC \/ Fabrication fran\u00e7aise). Il dispose d\u2019un ruban marque-pages vous permettant de reprendre vos notes o\u00f9 vous les aviez laiss\u00e9es. Sa couverture rigide lui conf\u00e8re une meilleure tenue et dur\u00e9e dans le temps. <span class=\"Apple-converted-space\">\u00a0<\/span><\/p>\n<p class=\"p1\">Mary a pris soin de vous proposer un habillage permanent en Wax v\u00e9ritable. Vous pouvez choisir le carnet qui vous ressemble ou qui vous surprend. Vous le reconna\u00eetrez ou retrouverez en un clin d\u2019\u0153il et le glisserez facilement dans votre sac.<span class=\"Apple-converted-space\">\u00a0<\/span><\/p>\n<p class=\"p1\">Encore une id\u00e9e cadeau pratique qui ne passera pas inaper\u00e7ue par ses finitions soign\u00e9es et ses couleurs originales.<span class=\"Apple-converted-space\">\u00a0 <\/span>Fait main dans l\u2019atelier de Mary, ce carnet de notes sap\u00e9 est fabriqu\u00e9 en tr\u00e8s petite quantit\u00e9 voire en mod\u00e8le unique. La position du motif peut varier selon le mod\u00e8le.<\/p>\n","protected":false},"featured_media":258233,"comment_status":"open","ping_status":"closed","template":"","meta":{"_acf_changed":false,"_et_pb_use_builder":"off","_et_pb_old_content":"<p class=\"p1\">Ce porte cl\u00e9 vous accompagnera partout. Ses couleurs vives en feront un atout ind\u00e9niable pour rep\u00e9rer vos pr\u00e9cieuses cl\u00e9s que vous ne trouvez jamais. Il pourra \u00e9galement agr\u00e9menter vos sacs tel un bijou mais aussi les sacs et cartables des plus petits. Offert, il vous permettra de faire passer les messages les plus inattendus. Un petit canard pour les canailles ou un c\u0153ur pour d\u00e9clarer vos sentiments, il peut faire tout cela \u00e0 la fois.<\/p>\r\n<p class=\"p1\">Son rembourrage made in France est dense. Il suffit de lui enlever son anneau ou mousqueton pour le laver. Il vous accompagnera dans votre quotidien ou dans vos occasions sp\u00e9ciales et vous permettra de rep\u00e9rer vos sacs et accessoires en un coup d\u2019\u0153il. Finitions soign\u00e9es et couleurs originales sont \u00e9galement ses atouts majeurs.<\/p>\r\n<p class=\"p1\">Fait main dans l\u2019atelier de Mary, ce porte cl\u00e9 est fabriqu\u00e9 en tr\u00e8s petite quantit\u00e9 voire en mod\u00e8le unique. La position du motif peut varier selon le mod\u00e8le.<\/p>","_et_gb_content_width":""},"product_cat":[69,30],"product_tag":[105],"class_list":{"0":"post-258286","1":"product","2":"type-product","3":"status-publish","4":"has-post-thumbnail","6":"product_cat-carnets-de-notes","7":"product_cat-papeterie","8":"product_tag-fabric-flashy-green-awoulaba","10":"first","11":"instock","12":"purchasable","13":"product-type-simple"},"acf":[],"yoast_head":"<!-- This site is optimized with the Yoast SEO plugin v27.1.1 - https:\/\/yoast.com\/product\/yoast-seo-wordpress\/ -->\n<title>CARNET SAPE FLASHY GREEN AWOULABA - maryandthewax.com<\/title>\n<meta name=\"robots\" content=\"index, follow, max-snippet:-1, max-image-preview:large, max-video-preview:-1\" \/>\n<link rel=\"canonical\" href=\"https:\/\/maryandthewax.com\/?product=carnet-sape-flashy-green-awoulaba\" \/>\n<meta property=\"og:locale\" content=\"fr_FR\" \/>\n<meta property=\"og:type\" content=\"article\" \/>\n<meta property=\"og:title\" content=\"CARNET SAPE FLASHY GREEN AWOULABA - maryandthewax.com\" \/>\n<meta property=\"og:description\" content=\"Une cr\u00e9ation que Mary affectionne tout particuli\u00e8rement. Ce carnet vous accompagnera au travail ou dans vos activit\u00e9s cr\u00e9atives. Il deviendra votre essentiel ! V\u00e9ritable pense-b\u00eate ou outil d\u2019organisation, il vous permettra de synth\u00e9tiser vos t\u00e2ches ou informations importantes \u00e0 votre guise puisqu\u2019il est vierge. Les afficionados du bullet journal seront ravis\u00a0! \u00a0Mary a choisi les carnets de la marque RHODIA. RHODIA, marque fran\u00e7aise cr\u00e9\u00e9e en 1934 est une des meilleures marques de carnets reconnue wordwide pour sa qualit\u00e9 et ses finitions irr\u00e9prochables issues d\u2019un v\u00e9ritable savoir-faire papetier.\u00a0 Le mod\u00e8le propos\u00e9 est au format A5. Il comporte 192 pages lign\u00e9es de papier ivoire velin velout\u00e9 (90g\/m2 \u2013 certifi\u00e9 PEFC \/ Fabrication fran\u00e7aise). Il dispose d\u2019un ruban marque-pages vous permettant de reprendre vos notes o\u00f9 vous les aviez laiss\u00e9es. Sa couverture rigide lui conf\u00e8re une meilleure tenue et dur\u00e9e dans le temps. \u00a0 Mary a pris soin de vous proposer un habillage permanent en Wax v\u00e9ritable. Vous pouvez choisir le carnet qui vous ressemble ou qui vous surprend. Vous le reconna\u00eetrez ou retrouverez en un clin d\u2019\u0153il et le glisserez facilement dans votre sac.\u00a0 Encore une id\u00e9e cadeau pratique qui ne passera pas inaper\u00e7ue par ses finitions soign\u00e9es et ses couleurs originales.\u00a0 Fait main dans l\u2019atelier de Mary, ce carnet de notes sap\u00e9 est fabriqu\u00e9 en tr\u00e8s petite quantit\u00e9 voire en mod\u00e8le unique. La position du motif peut varier selon le mod\u00e8le.\" \/>\n<meta property=\"og:url\" content=\"https:\/\/maryandthewax.com\/?product=carnet-sape-flashy-green-awoulaba\" \/>\n<meta property=\"og:site_name\" content=\"maryandthewax.com\" \/>\n<meta property=\"article:modified_time\" content=\"2024-01-05T07:51:56+00:00\" \/>\n<meta property=\"og:image\" content=\"https:\/\/maryandthewax.com\/wp-content\/uploads\/2023\/10\/P1-012-CARNET-SAPE-M-FLASHY-GREEN-AWOULABA-2-PHOTO-1-min.jpg\" \/>\n\t<meta property=\"og:image:width\" content=\"1920\" \/>\n\t<meta property=\"og:image:height\" content=\"1916\" \/>\n\t<meta property=\"og:image:type\" content=\"image\/jpeg\" \/>\n<meta name=\"twitter:card\" content=\"summary_large_image\" \/>\n<meta name=\"twitter:label1\" content=\"Dur\u00e9e de lecture estim\u00e9e\" \/>\n\t<meta name=\"twitter:data1\" content=\"1 minute\" \/>\n<script type=\"application\/ld+json\" class=\"yoast-schema-graph\">{\"@context\":\"https:\/\/schema.org\",\"@graph\":[{\"@type\":\"WebPage\",\"@id\":\"https:\/\/maryandthewax.com\/?product=carnet-sape-flashy-green-awoulaba\",\"url\":\"https:\/\/maryandthewax.com\/?product=carnet-sape-flashy-green-awoulaba\",\"name\":\"CARNET SAPE FLASHY GREEN AWOULABA - maryandthewax.com\",\"isPartOf\":{\"@id\":\"https:\/\/maryandthewax.com\/#website\"},\"primaryImageOfPage\":{\"@id\":\"https:\/\/maryandthewax.com\/?product=carnet-sape-flashy-green-awoulaba#primaryimage\"},\"image\":{\"@id\":\"https:\/\/maryandthewax.com\/?product=carnet-sape-flashy-green-awoulaba#primaryimage\"},\"thumbnailUrl\":\"https:\/\/maryandthewax.com\/wp-content\/uploads\/2023\/10\/P1-012-CARNET-SAPE-M-FLASHY-GREEN-AWOULABA-2-PHOTO-1-min.jpg\",\"datePublished\":\"2023-10-25T15:46:10+00:00\",\"dateModified\":\"2024-01-05T07:51:56+00:00\",\"breadcrumb\":{\"@id\":\"https:\/\/maryandthewax.com\/?product=carnet-sape-flashy-green-awoulaba#breadcrumb\"},\"inLanguage\":\"fr-FR\",\"potentialAction\":[{\"@type\":\"ReadAction\",\"target\":[\"https:\/\/maryandthewax.com\/?product=carnet-sape-flashy-green-awoulaba\"]}]},{\"@type\":\"ImageObject\",\"inLanguage\":\"fr-FR\",\"@id\":\"https:\/\/maryandthewax.com\/?product=carnet-sape-flashy-green-awoulaba#primaryimage\",\"url\":\"https:\/\/maryandthewax.com\/wp-content\/uploads\/2023\/10\/P1-012-CARNET-SAPE-M-FLASHY-GREEN-AWOULABA-2-PHOTO-1-min.jpg\",\"contentUrl\":\"https:\/\/maryandthewax.com\/wp-content\/uploads\/2023\/10\/P1-012-CARNET-SAPE-M-FLASHY-GREEN-AWOULABA-2-PHOTO-1-min.jpg\",\"width\":1920,\"height\":1916},{\"@type\":\"BreadcrumbList\",\"@id\":\"https:\/\/maryandthewax.com\/?product=carnet-sape-flashy-green-awoulaba#breadcrumb\",\"itemListElement\":[{\"@type\":\"ListItem\",\"position\":1,\"name\":\"Accueil\",\"item\":\"https:\/\/maryandthewax.com\/\"},{\"@type\":\"ListItem\",\"position\":2,\"name\":\"Shop\",\"item\":\"https:\/\/maryandthewax.com\/?page_id=252790\"},{\"@type\":\"ListItem\",\"position\":3,\"name\":\"CARNET SAPE FLASHY GREEN AWOULABA\"}]},{\"@type\":\"WebSite\",\"@id\":\"https:\/\/maryandthewax.com\/#website\",\"url\":\"https:\/\/maryandthewax.com\/\",\"name\":\"maryandthewax.com\",\"description\":\"\",\"publisher\":{\"@id\":\"https:\/\/maryandthewax.com\/#organization\"},\"potentialAction\":[{\"@type\":\"SearchAction\",\"target\":{\"@type\":\"EntryPoint\",\"urlTemplate\":\"https:\/\/maryandthewax.com\/?s={search_term_string}\"},\"query-input\":{\"@type\":\"PropertyValueSpecification\",\"valueRequired\":true,\"valueName\":\"search_term_string\"}}],\"inLanguage\":\"fr-FR\"},{\"@type\":\"Organization\",\"@id\":\"https:\/\/maryandthewax.com\/#organization\",\"name\":\"maryandthewax.com\",\"url\":\"https:\/\/maryandthewax.com\/\",\"logo\":{\"@type\":\"ImageObject\",\"inLanguage\":\"fr-FR\",\"@id\":\"https:\/\/maryandthewax.com\/#\/schema\/logo\/image\/\",\"url\":\"https:\/\/maryandthewax.com\/wp-content\/uploads\/2023\/11\/LOGO-MATW-THE-WC-ROND-COULEUR-1080x1080-1.jpg\",\"contentUrl\":\"https:\/\/maryandthewax.com\/wp-content\/uploads\/2023\/11\/LOGO-MATW-THE-WC-ROND-COULEUR-1080x1080-1.jpg\",\"width\":1080,\"height\":1080,\"caption\":\"maryandthewax.com\"},\"image\":{\"@id\":\"https:\/\/maryandthewax.com\/#\/schema\/logo\/image\/\"},\"sameAs\":[\"https:\/\/www.instagram.com\/maryandthewax\/\"]}]}<\/script>\n<!-- \/ Yoast SEO plugin. -->","yoast_head_json":{"title":"CARNET SAPE FLASHY GREEN AWOULABA - maryandthewax.com","robots":{"index":"index","follow":"follow","max-snippet":"max-snippet:-1","max-image-preview":"max-image-preview:large","max-video-preview":"max-video-preview:-1"},"canonical":"https:\/\/maryandthewax.com\/?product=carnet-sape-flashy-green-awoulaba","og_locale":"fr_FR","og_type":"article","og_title":"CARNET SAPE FLASHY GREEN AWOULABA - maryandthewax.com","og_description":"Une cr\u00e9ation que Mary affectionne tout particuli\u00e8rement. Ce carnet vous accompagnera au travail ou dans vos activit\u00e9s cr\u00e9atives. Il deviendra votre essentiel ! V\u00e9ritable pense-b\u00eate ou outil d\u2019organisation, il vous permettra de synth\u00e9tiser vos t\u00e2ches ou informations importantes \u00e0 votre guise puisqu\u2019il est vierge. Les afficionados du bullet journal seront ravis\u00a0! \u00a0Mary a choisi les carnets de la marque RHODIA. RHODIA, marque fran\u00e7aise cr\u00e9\u00e9e en 1934 est une des meilleures marques de carnets reconnue wordwide pour sa qualit\u00e9 et ses finitions irr\u00e9prochables issues d\u2019un v\u00e9ritable savoir-faire papetier.\u00a0 Le mod\u00e8le propos\u00e9 est au format A5. Il comporte 192 pages lign\u00e9es de papier ivoire velin velout\u00e9 (90g\/m2 \u2013 certifi\u00e9 PEFC \/ Fabrication fran\u00e7aise). Il dispose d\u2019un ruban marque-pages vous permettant de reprendre vos notes o\u00f9 vous les aviez laiss\u00e9es. Sa couverture rigide lui conf\u00e8re une meilleure tenue et dur\u00e9e dans le temps. \u00a0 Mary a pris soin de vous proposer un habillage permanent en Wax v\u00e9ritable. Vous pouvez choisir le carnet qui vous ressemble ou qui vous surprend. Vous le reconna\u00eetrez ou retrouverez en un clin d\u2019\u0153il et le glisserez facilement dans votre sac.\u00a0 Encore une id\u00e9e cadeau pratique qui ne passera pas inaper\u00e7ue par ses finitions soign\u00e9es et ses couleurs originales.\u00a0 Fait main dans l\u2019atelier de Mary, ce carnet de notes sap\u00e9 est fabriqu\u00e9 en tr\u00e8s petite quantit\u00e9 voire en mod\u00e8le unique. La position du motif peut varier selon le mod\u00e8le.","og_url":"https:\/\/maryandthewax.com\/?product=carnet-sape-flashy-green-awoulaba","og_site_name":"maryandthewax.com","article_modified_time":"2024-01-05T07:51:56+00:00","og_image":[{"width":1920,"height":1916,"url":"https:\/\/maryandthewax.com\/wp-content\/uploads\/2023\/10\/P1-012-CARNET-SAPE-M-FLASHY-GREEN-AWOULABA-2-PHOTO-1-min.jpg","type":"image\/jpeg"}],"twitter_card":"summary_large_image","twitter_misc":{"Dur\u00e9e de lecture estim\u00e9e":"1 minute"},"schema":{"@context":"https:\/\/schema.org","@graph":[{"@type":"WebPage","@id":"https:\/\/maryandthewax.com\/?product=carnet-sape-flashy-green-awoulaba","url":"https:\/\/maryandthewax.com\/?product=carnet-sape-flashy-green-awoulaba","name":"CARNET SAPE FLASHY GREEN AWOULABA - maryandthewax.com","isPartOf":{"@id":"https:\/\/maryandthewax.com\/#website"},"primaryImageOfPage":{"@id":"https:\/\/maryandthewax.com\/?product=carnet-sape-flashy-green-awoulaba#primaryimage"},"image":{"@id":"https:\/\/maryandthewax.com\/?product=carnet-sape-flashy-green-awoulaba#primaryimage"},"thumbnailUrl":"https:\/\/maryandthewax.com\/wp-content\/uploads\/2023\/10\/P1-012-CARNET-SAPE-M-FLASHY-GREEN-AWOULABA-2-PHOTO-1-min.jpg","datePublished":"2023-10-25T15:46:10+00:00","dateModified":"2024-01-05T07:51:56+00:00","breadcrumb":{"@id":"https:\/\/maryandthewax.com\/?product=carnet-sape-flashy-green-awoulaba#breadcrumb"},"inLanguage":"fr-FR","potentialAction":[{"@type":"ReadAction","target":["https:\/\/maryandthewax.com\/?product=carnet-sape-flashy-green-awoulaba"]}]},{"@type":"ImageObject","inLanguage":"fr-FR","@id":"https:\/\/maryandthewax.com\/?product=carnet-sape-flashy-green-awoulaba#primaryimage","url":"https:\/\/maryandthewax.com\/wp-content\/uploads\/2023\/10\/P1-012-CARNET-SAPE-M-FLASHY-GREEN-AWOULABA-2-PHOTO-1-min.jpg","contentUrl":"https:\/\/maryandthewax.com\/wp-content\/uploads\/2023\/10\/P1-012-CARNET-SAPE-M-FLASHY-GREEN-AWOULABA-2-PHOTO-1-min.jpg","width":1920,"height":1916},{"@type":"BreadcrumbList","@id":"https:\/\/maryandthewax.com\/?product=carnet-sape-flashy-green-awoulaba#breadcrumb","itemListElement":[{"@type":"ListItem","position":1,"name":"Accueil","item":"https:\/\/maryandthewax.com\/"},{"@type":"ListItem","position":2,"name":"Shop","item":"https:\/\/maryandthewax.com\/?page_id=252790"},{"@type":"ListItem","position":3,"name":"CARNET SAPE FLASHY GREEN AWOULABA"}]},{"@type":"WebSite","@id":"https:\/\/maryandthewax.com\/#website","url":"https:\/\/maryandthewax.com\/","name":"maryandthewax.com","description":"","publisher":{"@id":"https:\/\/maryandthewax.com\/#organization"},"potentialAction":[{"@type":"SearchAction","target":{"@type":"EntryPoint","urlTemplate":"https:\/\/maryandthewax.com\/?s={search_term_string}"},"query-input":{"@type":"PropertyValueSpecification","valueRequired":true,"valueName":"search_term_string"}}],"inLanguage":"fr-FR"},{"@type":"Organization","@id":"https:\/\/maryandthewax.com\/#organization","name":"maryandthewax.com","url":"https:\/\/maryandthewax.com\/","logo":{"@type":"ImageObject","inLanguage":"fr-FR","@id":"https:\/\/maryandthewax.com\/#\/schema\/logo\/image\/","url":"https:\/\/maryandthewax.com\/wp-content\/uploads\/2023\/11\/LOGO-MATW-THE-WC-ROND-COULEUR-1080x1080-1.jpg","contentUrl":"https:\/\/maryandthewax.com\/wp-content\/uploads\/2023\/11\/LOGO-MATW-THE-WC-ROND-COULEUR-1080x1080-1.jpg","width":1080,"height":1080,"caption":"maryandthewax.com"},"image":{"@id":"https:\/\/maryandthewax.com\/#\/schema\/logo\/image\/"},"sameAs":["https:\/\/www.instagram.com\/maryandthewax\/"]}]}},"_links":{"self":[{"href":"https:\/\/maryandthewax.com\/index.php?rest_route=\/wp\/v2\/product\/258286","targetHints":{"allow":["GET"]}}],"collection":[{"href":"https:\/\/maryandthewax.com\/index.php?rest_route=\/wp\/v2\/product"}],"about":[{"href":"https:\/\/maryandthewax.com\/index.php?rest_route=\/wp\/v2\/types\/product"}],"replies":[{"embeddable":true,"href":"https:\/\/maryandthewax.com\/index.php?rest_route=%2Fwp%2Fv2%2Fcomments&post=258286"}],"wp:featuredmedia":[{"embeddable":true,"href":"https:\/\/maryandthewax.com\/index.php?rest_route=\/wp\/v2\/media\/258233"}],"wp:attachment":[{"href":"https:\/\/maryandthewax.com\/index.php?rest_route=%2Fwp%2Fv2%2Fmedia&parent=258286"}],"wp:term":[{"taxonomy":"product_cat","embeddable":true,"href":"https:\/\/maryandthewax.com\/index.php?rest_route=%2Fwp%2Fv2%2Fproduct_cat&post=258286"},{"taxonomy":"product_tag","embeddable":true,"href":"https:\/\/maryandthewax.com\/index.php?rest_route=%2Fwp%2Fv2%2Fproduct_tag&post=258286"}],"curies":[{"name":"wp","href":"https:\/\/api.w.org\/{rel}","templated":true}]}}