{"id":257331,"date":"2023-10-20T10:19:12","date_gmt":"2023-10-20T14:19:12","guid":{"rendered":"https:\/\/maryandthewax.com\/?post_type=product&#038;p=257331"},"modified":"2023-12-24T18:16:28","modified_gmt":"2023-12-24T22:16:28","slug":"carnets-de-dessin","status":"publish","type":"product","link":"https:\/\/maryandthewax.com\/?product=carnets-de-dessin","title":{"rendered":"Carnets de dessin"},"content":{"rendered":"<p class=\"p1\">Laissez votre fibre artistique s\u2019exprimer sur un carnet d\u2019esquisses sap\u00e9\u00a0! Une cr\u00e9ation que Mary propose <span class=\"s1\"><b>sur commande<\/b><\/span>.<span class=\"Apple-converted-space\">\u00a0<\/span><\/p>\n<p class=\"p1\">Mary a choisi les carnets de la marque CANSON. Marque europ\u00e9enne d\u2019origine fran\u00e7aise cr\u00e9\u00e9e en 1557, CANSON est une des plus grandes sp\u00e9cialistes de la fabrication du papier de haute qualit\u00e9. Connue pour son papier d\u00e9dier aux dessins artistiques, cette marque est reconnue wordwide pour sa qualit\u00e9, ses finitions irr\u00e9prochables issues d\u2019un v\u00e9ritable savoir-faire papetier. <span class=\"Apple-converted-space\">\u00a0<\/span><\/p>\n<p class=\"p1\">Plusieurs formats sont propos\u00e9s\u00a0: du S au XL. Il comporte tous 192 pages de papier canson blanc naturel (100g\/m<span class=\"s2\"><sup>2<\/sup><\/span>). Leurs couvertures rigides leur conf\u00e8re une meilleure tenue et dur\u00e9e dans le temps. <span class=\"Apple-converted-space\">\u00a0<\/span><\/p>\n<p class=\"p1\">Mary vous propose un habillage permanent en Wax v\u00e9ritable. Vous pouvez choisir le tissu qui vous ressemble ou qui correspondra \u00e0 l\u2019inspiration du moment.<span class=\"Apple-converted-space\">\u00a0<\/span><\/p>\n<p class=\"p1\">Fait main dans l\u2019atelier de Mary, votre carnet d\u2019esquisses est fabriqu\u00e9 en mod\u00e8le unique sur commande.<\/p>\n<p class=\"p1\">Vous trouverez votre bonheur en passant <span class=\"s1\"><b>commande <\/b><\/span>dans l\u2019onglet \u00ab\u00a0sur commande\u00a0\u00bb en indiquant votre souhait.<span class=\"Apple-converted-space\">\u00a0<\/span><\/p>\n","protected":false},"excerpt":{"rendered":"<p class=\"p1\">Laissez votre fibre artistique s\u2019exprimer sur un carnet d\u2019esquisses sap\u00e9\u00a0! Une cr\u00e9ation que Mary propose <span class=\"s1\"><b>sur commande<\/b><\/span>.<span class=\"Apple-converted-space\">\u00a0<\/span><\/p>\n<p class=\"p1\">Mary a choisi les carnets de la marque CANSON. Marque europ\u00e9enne d\u2019origine fran\u00e7aise cr\u00e9\u00e9e en 1557, CANSON est une des plus grandes sp\u00e9cialistes de la fabrication du papier de haute qualit\u00e9. Connue pour son papier d\u00e9dier aux dessins artistiques, cette marque est reconnue wordwide pour sa qualit\u00e9, ses finitions irr\u00e9prochables issues d\u2019un v\u00e9ritable savoir-faire papetier. <span class=\"Apple-converted-space\">\u00a0<\/span><\/p>\n<p class=\"p1\">Plusieurs formats sont propos\u00e9s\u00a0: du S au XL. Il comporte tous 192 pages de papier canson blanc naturel (100g\/m<span class=\"s2\"><sup>2<\/sup><\/span>). Leurs couvertures rigides leur conf\u00e8re une meilleure tenue et dur\u00e9e dans le temps. <span class=\"Apple-converted-space\">\u00a0<\/span><\/p>\n<p class=\"p1\">Mary vous propose un habillage permanent en Wax v\u00e9ritable. Vous pouvez choisir le tissu qui vous ressemble ou qui correspondra \u00e0 l\u2019inspiration du moment.<span class=\"Apple-converted-space\">\u00a0<\/span><\/p>\n<p class=\"p1\">Fait main dans l\u2019atelier de Mary, votre carnet d\u2019esquisses est fabriqu\u00e9 en mod\u00e8le unique sur commande.<\/p>\n<p class=\"p1\">Vous trouverez votre bonheur en passant <span class=\"s1\"><b>commande <\/b><\/span>dans l\u2019onglet \u00ab\u00a0sur commande\u00a0\u00bb en indiquant votre souhait.<span class=\"Apple-converted-space\">\u00a0<\/span><\/p>\n","protected":false},"featured_media":257333,"comment_status":"open","ping_status":"closed","template":"","meta":{"_acf_changed":false,"_et_pb_use_builder":"off","_et_pb_old_content":"<p class=\"p1\">Ce porte cl\u00e9 vous accompagnera partout. Ses couleurs vives en feront un atout ind\u00e9niable pour rep\u00e9rer vos pr\u00e9cieuses cl\u00e9s que vous ne trouvez jamais. Il pourra \u00e9galement agr\u00e9menter vos sacs tel un bijou mais aussi les sacs et cartables des plus petits. Offert, il vous permettra de faire passer les messages les plus inattendus. Un petit canard pour les canailles ou un c\u0153ur pour d\u00e9clarer vos sentiments, il peut faire tout cela \u00e0 la fois.<\/p>\r\n<p class=\"p1\">Son rembourrage made in France est dense. Il suffit de lui enlever son anneau ou mousqueton pour le laver. Il vous accompagnera dans votre quotidien ou dans vos occasions sp\u00e9ciales et vous permettra de rep\u00e9rer vos sacs et accessoires en un coup d\u2019\u0153il. Finitions soign\u00e9es et couleurs originales sont \u00e9galement ses atouts majeurs.<\/p>\r\n<p class=\"p1\">Fait main dans l\u2019atelier de Mary, ce porte cl\u00e9 est fabriqu\u00e9 en tr\u00e8s petite quantit\u00e9 voire en mod\u00e8le unique. La position du motif peut varier selon le mod\u00e8le.<\/p>","_et_gb_content_width":""},"product_cat":[98,30],"product_tag":[],"class_list":{"0":"post-257331","1":"product","2":"type-product","3":"status-publish","4":"has-post-thumbnail","6":"product_cat-carnets-de-dessin","7":"product_cat-papeterie","9":"first","10":"instock","11":"purchasable","12":"product-type-variable"},"acf":[],"yoast_head":"<!-- This site is optimized with the Yoast SEO plugin v27.1.1 - https:\/\/yoast.com\/product\/yoast-seo-wordpress\/ -->\n<title>Carnets de dessin - maryandthewax.com<\/title>\n<meta name=\"robots\" content=\"index, follow, max-snippet:-1, max-image-preview:large, max-video-preview:-1\" \/>\n<link rel=\"canonical\" href=\"https:\/\/maryandthewax.com\/?product=carnets-de-dessin\" \/>\n<meta property=\"og:locale\" content=\"fr_FR\" \/>\n<meta property=\"og:type\" content=\"article\" \/>\n<meta property=\"og:title\" content=\"Carnets de dessin - maryandthewax.com\" \/>\n<meta property=\"og:description\" content=\"Laissez votre fibre artistique s\u2019exprimer sur un carnet d\u2019esquisses sap\u00e9\u00a0! Une cr\u00e9ation que Mary propose sur commande.\u00a0 Mary a choisi les carnets de la marque CANSON. Marque europ\u00e9enne d\u2019origine fran\u00e7aise cr\u00e9\u00e9e en 1557, CANSON est une des plus grandes sp\u00e9cialistes de la fabrication du papier de haute qualit\u00e9. Connue pour son papier d\u00e9dier aux dessins artistiques, cette marque est reconnue wordwide pour sa qualit\u00e9, ses finitions irr\u00e9prochables issues d\u2019un v\u00e9ritable savoir-faire papetier. \u00a0 Plusieurs formats sont propos\u00e9s\u00a0: du S au XL. Il comporte tous 192 pages de papier canson blanc naturel (100g\/m2). Leurs couvertures rigides leur conf\u00e8re une meilleure tenue et dur\u00e9e dans le temps. \u00a0 Mary vous propose un habillage permanent en Wax v\u00e9ritable. Vous pouvez choisir le tissu qui vous ressemble ou qui correspondra \u00e0 l\u2019inspiration du moment.\u00a0 Fait main dans l\u2019atelier de Mary, votre carnet d\u2019esquisses est fabriqu\u00e9 en mod\u00e8le unique sur commande. Vous trouverez votre bonheur en passant commande dans l\u2019onglet \u00ab\u00a0sur commande\u00a0\u00bb en indiquant votre souhait.\u00a0\" \/>\n<meta property=\"og:url\" content=\"https:\/\/maryandthewax.com\/?product=carnets-de-dessin\" \/>\n<meta property=\"og:site_name\" content=\"maryandthewax.com\" \/>\n<meta property=\"article:modified_time\" content=\"2023-12-24T22:16:28+00:00\" \/>\n<meta property=\"og:image\" content=\"https:\/\/maryandthewax.com\/wp-content\/uploads\/2023\/10\/8.jpg\" \/>\n\t<meta property=\"og:image:width\" content=\"300\" \/>\n\t<meta property=\"og:image:height\" content=\"300\" \/>\n\t<meta property=\"og:image:type\" content=\"image\/jpeg\" \/>\n<meta name=\"twitter:card\" content=\"summary_large_image\" \/>\n<meta name=\"twitter:label1\" content=\"Dur\u00e9e de lecture estim\u00e9e\" \/>\n\t<meta name=\"twitter:data1\" content=\"1 minute\" \/>\n<script type=\"application\/ld+json\" class=\"yoast-schema-graph\">{\"@context\":\"https:\/\/schema.org\",\"@graph\":[{\"@type\":\"WebPage\",\"@id\":\"https:\/\/maryandthewax.com\/?product=carnets-de-dessin\",\"url\":\"https:\/\/maryandthewax.com\/?product=carnets-de-dessin\",\"name\":\"Carnets de dessin - maryandthewax.com\",\"isPartOf\":{\"@id\":\"https:\/\/maryandthewax.com\/#website\"},\"primaryImageOfPage\":{\"@id\":\"https:\/\/maryandthewax.com\/?product=carnets-de-dessin#primaryimage\"},\"image\":{\"@id\":\"https:\/\/maryandthewax.com\/?product=carnets-de-dessin#primaryimage\"},\"thumbnailUrl\":\"https:\/\/maryandthewax.com\/wp-content\/uploads\/2023\/10\/8.jpg\",\"datePublished\":\"2023-10-20T14:19:12+00:00\",\"dateModified\":\"2023-12-24T22:16:28+00:00\",\"breadcrumb\":{\"@id\":\"https:\/\/maryandthewax.com\/?product=carnets-de-dessin#breadcrumb\"},\"inLanguage\":\"fr-FR\",\"potentialAction\":[{\"@type\":\"ReadAction\",\"target\":[\"https:\/\/maryandthewax.com\/?product=carnets-de-dessin\"]}]},{\"@type\":\"ImageObject\",\"inLanguage\":\"fr-FR\",\"@id\":\"https:\/\/maryandthewax.com\/?product=carnets-de-dessin#primaryimage\",\"url\":\"https:\/\/maryandthewax.com\/wp-content\/uploads\/2023\/10\/8.jpg\",\"contentUrl\":\"https:\/\/maryandthewax.com\/wp-content\/uploads\/2023\/10\/8.jpg\",\"width\":300,\"height\":300},{\"@type\":\"BreadcrumbList\",\"@id\":\"https:\/\/maryandthewax.com\/?product=carnets-de-dessin#breadcrumb\",\"itemListElement\":[{\"@type\":\"ListItem\",\"position\":1,\"name\":\"Accueil\",\"item\":\"https:\/\/maryandthewax.com\/\"},{\"@type\":\"ListItem\",\"position\":2,\"name\":\"Shop\",\"item\":\"https:\/\/maryandthewax.com\/?page_id=252790\"},{\"@type\":\"ListItem\",\"position\":3,\"name\":\"Carnets de dessin\"}]},{\"@type\":\"WebSite\",\"@id\":\"https:\/\/maryandthewax.com\/#website\",\"url\":\"https:\/\/maryandthewax.com\/\",\"name\":\"maryandthewax.com\",\"description\":\"\",\"publisher\":{\"@id\":\"https:\/\/maryandthewax.com\/#organization\"},\"potentialAction\":[{\"@type\":\"SearchAction\",\"target\":{\"@type\":\"EntryPoint\",\"urlTemplate\":\"https:\/\/maryandthewax.com\/?s={search_term_string}\"},\"query-input\":{\"@type\":\"PropertyValueSpecification\",\"valueRequired\":true,\"valueName\":\"search_term_string\"}}],\"inLanguage\":\"fr-FR\"},{\"@type\":\"Organization\",\"@id\":\"https:\/\/maryandthewax.com\/#organization\",\"name\":\"maryandthewax.com\",\"url\":\"https:\/\/maryandthewax.com\/\",\"logo\":{\"@type\":\"ImageObject\",\"inLanguage\":\"fr-FR\",\"@id\":\"https:\/\/maryandthewax.com\/#\/schema\/logo\/image\/\",\"url\":\"https:\/\/maryandthewax.com\/wp-content\/uploads\/2023\/11\/LOGO-MATW-THE-WC-ROND-COULEUR-1080x1080-1.jpg\",\"contentUrl\":\"https:\/\/maryandthewax.com\/wp-content\/uploads\/2023\/11\/LOGO-MATW-THE-WC-ROND-COULEUR-1080x1080-1.jpg\",\"width\":1080,\"height\":1080,\"caption\":\"maryandthewax.com\"},\"image\":{\"@id\":\"https:\/\/maryandthewax.com\/#\/schema\/logo\/image\/\"},\"sameAs\":[\"https:\/\/www.instagram.com\/maryandthewax\/\"]}]}<\/script>\n<!-- \/ Yoast SEO plugin. -->","yoast_head_json":{"title":"Carnets de dessin - maryandthewax.com","robots":{"index":"index","follow":"follow","max-snippet":"max-snippet:-1","max-image-preview":"max-image-preview:large","max-video-preview":"max-video-preview:-1"},"canonical":"https:\/\/maryandthewax.com\/?product=carnets-de-dessin","og_locale":"fr_FR","og_type":"article","og_title":"Carnets de dessin - maryandthewax.com","og_description":"Laissez votre fibre artistique s\u2019exprimer sur un carnet d\u2019esquisses sap\u00e9\u00a0! Une cr\u00e9ation que Mary propose sur commande.\u00a0 Mary a choisi les carnets de la marque CANSON. Marque europ\u00e9enne d\u2019origine fran\u00e7aise cr\u00e9\u00e9e en 1557, CANSON est une des plus grandes sp\u00e9cialistes de la fabrication du papier de haute qualit\u00e9. Connue pour son papier d\u00e9dier aux dessins artistiques, cette marque est reconnue wordwide pour sa qualit\u00e9, ses finitions irr\u00e9prochables issues d\u2019un v\u00e9ritable savoir-faire papetier. \u00a0 Plusieurs formats sont propos\u00e9s\u00a0: du S au XL. Il comporte tous 192 pages de papier canson blanc naturel (100g\/m2). Leurs couvertures rigides leur conf\u00e8re une meilleure tenue et dur\u00e9e dans le temps. \u00a0 Mary vous propose un habillage permanent en Wax v\u00e9ritable. Vous pouvez choisir le tissu qui vous ressemble ou qui correspondra \u00e0 l\u2019inspiration du moment.\u00a0 Fait main dans l\u2019atelier de Mary, votre carnet d\u2019esquisses est fabriqu\u00e9 en mod\u00e8le unique sur commande. Vous trouverez votre bonheur en passant commande dans l\u2019onglet \u00ab\u00a0sur commande\u00a0\u00bb en indiquant votre souhait.\u00a0","og_url":"https:\/\/maryandthewax.com\/?product=carnets-de-dessin","og_site_name":"maryandthewax.com","article_modified_time":"2023-12-24T22:16:28+00:00","og_image":[{"width":300,"height":300,"url":"https:\/\/maryandthewax.com\/wp-content\/uploads\/2023\/10\/8.jpg","type":"image\/jpeg"}],"twitter_card":"summary_large_image","twitter_misc":{"Dur\u00e9e de lecture estim\u00e9e":"1 minute"},"schema":{"@context":"https:\/\/schema.org","@graph":[{"@type":"WebPage","@id":"https:\/\/maryandthewax.com\/?product=carnets-de-dessin","url":"https:\/\/maryandthewax.com\/?product=carnets-de-dessin","name":"Carnets de dessin - maryandthewax.com","isPartOf":{"@id":"https:\/\/maryandthewax.com\/#website"},"primaryImageOfPage":{"@id":"https:\/\/maryandthewax.com\/?product=carnets-de-dessin#primaryimage"},"image":{"@id":"https:\/\/maryandthewax.com\/?product=carnets-de-dessin#primaryimage"},"thumbnailUrl":"https:\/\/maryandthewax.com\/wp-content\/uploads\/2023\/10\/8.jpg","datePublished":"2023-10-20T14:19:12+00:00","dateModified":"2023-12-24T22:16:28+00:00","breadcrumb":{"@id":"https:\/\/maryandthewax.com\/?product=carnets-de-dessin#breadcrumb"},"inLanguage":"fr-FR","potentialAction":[{"@type":"ReadAction","target":["https:\/\/maryandthewax.com\/?product=carnets-de-dessin"]}]},{"@type":"ImageObject","inLanguage":"fr-FR","@id":"https:\/\/maryandthewax.com\/?product=carnets-de-dessin#primaryimage","url":"https:\/\/maryandthewax.com\/wp-content\/uploads\/2023\/10\/8.jpg","contentUrl":"https:\/\/maryandthewax.com\/wp-content\/uploads\/2023\/10\/8.jpg","width":300,"height":300},{"@type":"BreadcrumbList","@id":"https:\/\/maryandthewax.com\/?product=carnets-de-dessin#breadcrumb","itemListElement":[{"@type":"ListItem","position":1,"name":"Accueil","item":"https:\/\/maryandthewax.com\/"},{"@type":"ListItem","position":2,"name":"Shop","item":"https:\/\/maryandthewax.com\/?page_id=252790"},{"@type":"ListItem","position":3,"name":"Carnets de dessin"}]},{"@type":"WebSite","@id":"https:\/\/maryandthewax.com\/#website","url":"https:\/\/maryandthewax.com\/","name":"maryandthewax.com","description":"","publisher":{"@id":"https:\/\/maryandthewax.com\/#organization"},"potentialAction":[{"@type":"SearchAction","target":{"@type":"EntryPoint","urlTemplate":"https:\/\/maryandthewax.com\/?s={search_term_string}"},"query-input":{"@type":"PropertyValueSpecification","valueRequired":true,"valueName":"search_term_string"}}],"inLanguage":"fr-FR"},{"@type":"Organization","@id":"https:\/\/maryandthewax.com\/#organization","name":"maryandthewax.com","url":"https:\/\/maryandthewax.com\/","logo":{"@type":"ImageObject","inLanguage":"fr-FR","@id":"https:\/\/maryandthewax.com\/#\/schema\/logo\/image\/","url":"https:\/\/maryandthewax.com\/wp-content\/uploads\/2023\/11\/LOGO-MATW-THE-WC-ROND-COULEUR-1080x1080-1.jpg","contentUrl":"https:\/\/maryandthewax.com\/wp-content\/uploads\/2023\/11\/LOGO-MATW-THE-WC-ROND-COULEUR-1080x1080-1.jpg","width":1080,"height":1080,"caption":"maryandthewax.com"},"image":{"@id":"https:\/\/maryandthewax.com\/#\/schema\/logo\/image\/"},"sameAs":["https:\/\/www.instagram.com\/maryandthewax\/"]}]}},"_links":{"self":[{"href":"https:\/\/maryandthewax.com\/index.php?rest_route=\/wp\/v2\/product\/257331","targetHints":{"allow":["GET"]}}],"collection":[{"href":"https:\/\/maryandthewax.com\/index.php?rest_route=\/wp\/v2\/product"}],"about":[{"href":"https:\/\/maryandthewax.com\/index.php?rest_route=\/wp\/v2\/types\/product"}],"replies":[{"embeddable":true,"href":"https:\/\/maryandthewax.com\/index.php?rest_route=%2Fwp%2Fv2%2Fcomments&post=257331"}],"wp:featuredmedia":[{"embeddable":true,"href":"https:\/\/maryandthewax.com\/index.php?rest_route=\/wp\/v2\/media\/257333"}],"wp:attachment":[{"href":"https:\/\/maryandthewax.com\/index.php?rest_route=%2Fwp%2Fv2%2Fmedia&parent=257331"}],"wp:term":[{"taxonomy":"product_cat","embeddable":true,"href":"https:\/\/maryandthewax.com\/index.php?rest_route=%2Fwp%2Fv2%2Fproduct_cat&post=257331"},{"taxonomy":"product_tag","embeddable":true,"href":"https:\/\/maryandthewax.com\/index.php?rest_route=%2Fwp%2Fv2%2Fproduct_tag&post=257331"}],"curies":[{"name":"wp","href":"https:\/\/api.w.org\/{rel}","templated":true}]}}