{"id":256413,"date":"2023-10-09T07:20:01","date_gmt":"2023-10-09T11:20:01","guid":{"rendered":"https:\/\/maryandthewax.com\/?post_type=product&#038;p=256413"},"modified":"2024-01-05T05:27:29","modified_gmt":"2024-01-05T09:27:29","slug":"serviette-de-bain-100x150-white-sape-fdef-blue-palm","status":"publish","type":"product","link":"https:\/\/maryandthewax.com\/?product=serviette-de-bain-100x150-white-sape-fdef-blue-palm","title":{"rendered":"DRAP DE BAIN 100X150 WHITE SAPE FDEF BLUE PALM"},"content":{"rendered":"<p class=\"p1\">La salle de bain se pare de wax \u00e0 travers son le linge de bain !<\/p>\n<p class=\"p1\">De la serviette invit\u00e9 au drap de bain, votre linge de bain sap\u00e9 en wax \u00e9gayera vos moments bien-\u00eatre tout en couleur.<span class=\"Apple-converted-space\">\u00a0<\/span><\/p>\n<p class=\"p1\">Le choix de Mary s\u2019est port\u00e9 sur le linge de bain 100% coton doux et moelleux entre 500 et 550 grammes \/ m<span class=\"s1\"><sup>2<\/sup><\/span>.<\/p>\n<p class=\"p1\">Chaque membre de la famille identifiera facilement son linge d\u00e9sormais\u00a0! C\u2019est \u00e9galement une belle id\u00e9e cadeau pour les grands comme pour les petits qui ne manquera pas de faire son petit effet.<\/p>\n<p class=\"p1\">Sap\u00e9 dans l\u2019atelier de Mary, le linge de bain est fabriqu\u00e9 avec soin. La position du motif peut varier selon le mod\u00e8le.<\/p>\n<p class=\"p1\">Vous trouverez votre bonheur dans la s\u00e9lection disponible sur le site ou en passant <span class=\"s2\"><b>commande <\/b><\/span>dans l\u2019onglet \u00ab\u00a0sur commande\u00a0\u00bb vous permettant d\u2019\u00e9largir le choix de formats et de tissus.<span class=\"Apple-converted-space\">\u00a0<\/span><\/p>\n","protected":false},"excerpt":{"rendered":"<p class=\"p1\">La salle de bain se pare de wax \u00e0 travers son le linge de bain !<\/p>\n<p class=\"p1\">De la serviette invit\u00e9 au drap de bain, votre linge de bain sap\u00e9 en wax \u00e9gayera vos moments bien-\u00eatre tout en couleur.<span class=\"Apple-converted-space\">\u00a0<\/span><\/p>\n<p class=\"p1\">Le choix de Mary s\u2019est port\u00e9 sur le linge de bain 100% coton doux et moelleux entre 500 et 550 grammes \/ m<span class=\"s1\"><sup>2<\/sup><\/span>.<\/p>\n<p class=\"p1\">Chaque membre de la famille identifiera facilement son linge d\u00e9sormais\u00a0! C\u2019est \u00e9galement une belle id\u00e9e cadeau pour les grands comme pour les petits qui ne manquera pas de faire son petit effet.<\/p>\n<p class=\"p1\">Sap\u00e9 dans l\u2019atelier de Mary, le linge de bain est fabriqu\u00e9 avec soin. La position du motif peut varier selon le mod\u00e8le.<\/p>\n<p class=\"p1\">Vous trouverez votre bonheur dans la s\u00e9lection disponible sur le site ou en passant <span class=\"s2\"><b>commande <\/b><\/span>dans l\u2019onglet \u00ab\u00a0sur commande\u00a0\u00bb vous permettant d\u2019\u00e9largir le choix de formats et de tissus.<span class=\"Apple-converted-space\">\u00a0<\/span><\/p>\n","protected":false},"featured_media":256343,"comment_status":"open","ping_status":"closed","template":"","meta":{"_acf_changed":false,"_et_pb_use_builder":"off","_et_pb_old_content":"<p class=\"p1\">Ce porte cl\u00e9 vous accompagnera partout. Ses couleurs vives en feront un atout ind\u00e9niable pour rep\u00e9rer vos pr\u00e9cieuses cl\u00e9s que vous ne trouvez jamais. Il pourra \u00e9galement agr\u00e9menter vos sacs tel un bijou mais aussi les sacs et cartables des plus petits. Offert, il vous permettra de faire passer les messages les plus inattendus. Un petit canard pour les canailles ou un c\u0153ur pour d\u00e9clarer vos sentiments, il peut faire tout cela \u00e0 la fois.<\/p>\r\n<p class=\"p1\">Son rembourrage made in France est dense. Il suffit de lui enlever son anneau ou mousqueton pour le laver. Il vous accompagnera dans votre quotidien ou dans vos occasions sp\u00e9ciales et vous permettra de rep\u00e9rer vos sacs et accessoires en un coup d\u2019\u0153il. Finitions soign\u00e9es et couleurs originales sont \u00e9galement ses atouts majeurs.<\/p>\r\n<p class=\"p1\">Fait main dans l\u2019atelier de Mary, ce porte cl\u00e9 est fabriqu\u00e9 en tr\u00e8s petite quantit\u00e9 voire en mod\u00e8le unique. La position du motif peut varier selon le mod\u00e8le.<\/p>","_et_gb_content_width":""},"product_cat":[26,50],"product_tag":[210,128],"class_list":{"0":"post-256413","1":"product","2":"type-product","3":"status-publish","4":"has-post-thumbnail","6":"product_cat-linge-de-maison","7":"product_cat-serviettes-draps-de-bain","8":"product_tag-fabric-fdef-blue-palm","9":"product_tag-fabric-yellow-conseiller","11":"first","12":"instock","13":"purchasable","14":"product-type-simple"},"acf":[],"yoast_head":"<!-- This site is optimized with the Yoast SEO plugin v27.1.1 - https:\/\/yoast.com\/product\/yoast-seo-wordpress\/ -->\n<title>DRAP DE BAIN 100X150 WHITE SAPE FDEF BLUE PALM - maryandthewax.com<\/title>\n<meta name=\"robots\" content=\"index, follow, max-snippet:-1, max-image-preview:large, max-video-preview:-1\" \/>\n<link rel=\"canonical\" href=\"https:\/\/maryandthewax.com\/?product=serviette-de-bain-100x150-white-sape-fdef-blue-palm\" \/>\n<meta property=\"og:locale\" content=\"fr_FR\" \/>\n<meta property=\"og:type\" content=\"article\" \/>\n<meta property=\"og:title\" content=\"DRAP DE BAIN 100X150 WHITE SAPE FDEF BLUE PALM - maryandthewax.com\" \/>\n<meta property=\"og:description\" content=\"La salle de bain se pare de wax \u00e0 travers son le linge de bain ! De la serviette invit\u00e9 au drap de bain, votre linge de bain sap\u00e9 en wax \u00e9gayera vos moments bien-\u00eatre tout en couleur.\u00a0 Le choix de Mary s\u2019est port\u00e9 sur le linge de bain 100% coton doux et moelleux entre 500 et 550 grammes \/ m2. Chaque membre de la famille identifiera facilement son linge d\u00e9sormais\u00a0! C\u2019est \u00e9galement une belle id\u00e9e cadeau pour les grands comme pour les petits qui ne manquera pas de faire son petit effet. Sap\u00e9 dans l\u2019atelier de Mary, le linge de bain est fabriqu\u00e9 avec soin. La position du motif peut varier selon le mod\u00e8le. Vous trouverez votre bonheur dans la s\u00e9lection disponible sur le site ou en passant commande dans l\u2019onglet \u00ab\u00a0sur commande\u00a0\u00bb vous permettant d\u2019\u00e9largir le choix de formats et de tissus.\u00a0\" \/>\n<meta property=\"og:url\" content=\"https:\/\/maryandthewax.com\/?product=serviette-de-bain-100x150-white-sape-fdef-blue-palm\" \/>\n<meta property=\"og:site_name\" content=\"maryandthewax.com\" \/>\n<meta property=\"article:modified_time\" content=\"2024-01-05T09:27:29+00:00\" \/>\n<meta property=\"og:image\" content=\"https:\/\/maryandthewax.com\/wp-content\/uploads\/2023\/10\/L2-031-BAIN-XL100X150-WHITE-SAPE-FDEF-BLUE-PALM-1-PHOTO-1-min.jpg\" \/>\n\t<meta property=\"og:image:width\" content=\"1920\" \/>\n\t<meta property=\"og:image:height\" content=\"1916\" \/>\n\t<meta property=\"og:image:type\" content=\"image\/jpeg\" \/>\n<meta name=\"twitter:card\" content=\"summary_large_image\" \/>\n<meta name=\"twitter:label1\" content=\"Dur\u00e9e de lecture estim\u00e9e\" \/>\n\t<meta name=\"twitter:data1\" content=\"1 minute\" \/>\n<script type=\"application\/ld+json\" class=\"yoast-schema-graph\">{\"@context\":\"https:\/\/schema.org\",\"@graph\":[{\"@type\":\"WebPage\",\"@id\":\"https:\/\/maryandthewax.com\/?product=serviette-de-bain-100x150-white-sape-fdef-blue-palm\",\"url\":\"https:\/\/maryandthewax.com\/?product=serviette-de-bain-100x150-white-sape-fdef-blue-palm\",\"name\":\"DRAP DE BAIN 100X150 WHITE SAPE FDEF BLUE PALM - maryandthewax.com\",\"isPartOf\":{\"@id\":\"https:\/\/maryandthewax.com\/#website\"},\"primaryImageOfPage\":{\"@id\":\"https:\/\/maryandthewax.com\/?product=serviette-de-bain-100x150-white-sape-fdef-blue-palm#primaryimage\"},\"image\":{\"@id\":\"https:\/\/maryandthewax.com\/?product=serviette-de-bain-100x150-white-sape-fdef-blue-palm#primaryimage\"},\"thumbnailUrl\":\"https:\/\/maryandthewax.com\/wp-content\/uploads\/2023\/10\/L2-031-BAIN-XL100X150-WHITE-SAPE-FDEF-BLUE-PALM-1-PHOTO-1-min.jpg\",\"datePublished\":\"2023-10-09T11:20:01+00:00\",\"dateModified\":\"2024-01-05T09:27:29+00:00\",\"breadcrumb\":{\"@id\":\"https:\/\/maryandthewax.com\/?product=serviette-de-bain-100x150-white-sape-fdef-blue-palm#breadcrumb\"},\"inLanguage\":\"fr-FR\",\"potentialAction\":[{\"@type\":\"ReadAction\",\"target\":[\"https:\/\/maryandthewax.com\/?product=serviette-de-bain-100x150-white-sape-fdef-blue-palm\"]}]},{\"@type\":\"ImageObject\",\"inLanguage\":\"fr-FR\",\"@id\":\"https:\/\/maryandthewax.com\/?product=serviette-de-bain-100x150-white-sape-fdef-blue-palm#primaryimage\",\"url\":\"https:\/\/maryandthewax.com\/wp-content\/uploads\/2023\/10\/L2-031-BAIN-XL100X150-WHITE-SAPE-FDEF-BLUE-PALM-1-PHOTO-1-min.jpg\",\"contentUrl\":\"https:\/\/maryandthewax.com\/wp-content\/uploads\/2023\/10\/L2-031-BAIN-XL100X150-WHITE-SAPE-FDEF-BLUE-PALM-1-PHOTO-1-min.jpg\",\"width\":1920,\"height\":1916},{\"@type\":\"BreadcrumbList\",\"@id\":\"https:\/\/maryandthewax.com\/?product=serviette-de-bain-100x150-white-sape-fdef-blue-palm#breadcrumb\",\"itemListElement\":[{\"@type\":\"ListItem\",\"position\":1,\"name\":\"Accueil\",\"item\":\"https:\/\/maryandthewax.com\/\"},{\"@type\":\"ListItem\",\"position\":2,\"name\":\"Shop\",\"item\":\"https:\/\/maryandthewax.com\/?page_id=252790\"},{\"@type\":\"ListItem\",\"position\":3,\"name\":\"DRAP DE BAIN 100X150 WHITE SAPE FDEF BLUE PALM\"}]},{\"@type\":\"WebSite\",\"@id\":\"https:\/\/maryandthewax.com\/#website\",\"url\":\"https:\/\/maryandthewax.com\/\",\"name\":\"maryandthewax.com\",\"description\":\"\",\"publisher\":{\"@id\":\"https:\/\/maryandthewax.com\/#organization\"},\"potentialAction\":[{\"@type\":\"SearchAction\",\"target\":{\"@type\":\"EntryPoint\",\"urlTemplate\":\"https:\/\/maryandthewax.com\/?s={search_term_string}\"},\"query-input\":{\"@type\":\"PropertyValueSpecification\",\"valueRequired\":true,\"valueName\":\"search_term_string\"}}],\"inLanguage\":\"fr-FR\"},{\"@type\":\"Organization\",\"@id\":\"https:\/\/maryandthewax.com\/#organization\",\"name\":\"maryandthewax.com\",\"url\":\"https:\/\/maryandthewax.com\/\",\"logo\":{\"@type\":\"ImageObject\",\"inLanguage\":\"fr-FR\",\"@id\":\"https:\/\/maryandthewax.com\/#\/schema\/logo\/image\/\",\"url\":\"https:\/\/maryandthewax.com\/wp-content\/uploads\/2023\/11\/LOGO-MATW-THE-WC-ROND-COULEUR-1080x1080-1.jpg\",\"contentUrl\":\"https:\/\/maryandthewax.com\/wp-content\/uploads\/2023\/11\/LOGO-MATW-THE-WC-ROND-COULEUR-1080x1080-1.jpg\",\"width\":1080,\"height\":1080,\"caption\":\"maryandthewax.com\"},\"image\":{\"@id\":\"https:\/\/maryandthewax.com\/#\/schema\/logo\/image\/\"},\"sameAs\":[\"https:\/\/www.instagram.com\/maryandthewax\/\"]}]}<\/script>\n<!-- \/ Yoast SEO plugin. -->","yoast_head_json":{"title":"DRAP DE BAIN 100X150 WHITE SAPE FDEF BLUE PALM - maryandthewax.com","robots":{"index":"index","follow":"follow","max-snippet":"max-snippet:-1","max-image-preview":"max-image-preview:large","max-video-preview":"max-video-preview:-1"},"canonical":"https:\/\/maryandthewax.com\/?product=serviette-de-bain-100x150-white-sape-fdef-blue-palm","og_locale":"fr_FR","og_type":"article","og_title":"DRAP DE BAIN 100X150 WHITE SAPE FDEF BLUE PALM - maryandthewax.com","og_description":"La salle de bain se pare de wax \u00e0 travers son le linge de bain ! De la serviette invit\u00e9 au drap de bain, votre linge de bain sap\u00e9 en wax \u00e9gayera vos moments bien-\u00eatre tout en couleur.\u00a0 Le choix de Mary s\u2019est port\u00e9 sur le linge de bain 100% coton doux et moelleux entre 500 et 550 grammes \/ m2. Chaque membre de la famille identifiera facilement son linge d\u00e9sormais\u00a0! C\u2019est \u00e9galement une belle id\u00e9e cadeau pour les grands comme pour les petits qui ne manquera pas de faire son petit effet. Sap\u00e9 dans l\u2019atelier de Mary, le linge de bain est fabriqu\u00e9 avec soin. La position du motif peut varier selon le mod\u00e8le. Vous trouverez votre bonheur dans la s\u00e9lection disponible sur le site ou en passant commande dans l\u2019onglet \u00ab\u00a0sur commande\u00a0\u00bb vous permettant d\u2019\u00e9largir le choix de formats et de tissus.\u00a0","og_url":"https:\/\/maryandthewax.com\/?product=serviette-de-bain-100x150-white-sape-fdef-blue-palm","og_site_name":"maryandthewax.com","article_modified_time":"2024-01-05T09:27:29+00:00","og_image":[{"width":1920,"height":1916,"url":"https:\/\/maryandthewax.com\/wp-content\/uploads\/2023\/10\/L2-031-BAIN-XL100X150-WHITE-SAPE-FDEF-BLUE-PALM-1-PHOTO-1-min.jpg","type":"image\/jpeg"}],"twitter_card":"summary_large_image","twitter_misc":{"Dur\u00e9e de lecture estim\u00e9e":"1 minute"},"schema":{"@context":"https:\/\/schema.org","@graph":[{"@type":"WebPage","@id":"https:\/\/maryandthewax.com\/?product=serviette-de-bain-100x150-white-sape-fdef-blue-palm","url":"https:\/\/maryandthewax.com\/?product=serviette-de-bain-100x150-white-sape-fdef-blue-palm","name":"DRAP DE BAIN 100X150 WHITE SAPE FDEF BLUE PALM - maryandthewax.com","isPartOf":{"@id":"https:\/\/maryandthewax.com\/#website"},"primaryImageOfPage":{"@id":"https:\/\/maryandthewax.com\/?product=serviette-de-bain-100x150-white-sape-fdef-blue-palm#primaryimage"},"image":{"@id":"https:\/\/maryandthewax.com\/?product=serviette-de-bain-100x150-white-sape-fdef-blue-palm#primaryimage"},"thumbnailUrl":"https:\/\/maryandthewax.com\/wp-content\/uploads\/2023\/10\/L2-031-BAIN-XL100X150-WHITE-SAPE-FDEF-BLUE-PALM-1-PHOTO-1-min.jpg","datePublished":"2023-10-09T11:20:01+00:00","dateModified":"2024-01-05T09:27:29+00:00","breadcrumb":{"@id":"https:\/\/maryandthewax.com\/?product=serviette-de-bain-100x150-white-sape-fdef-blue-palm#breadcrumb"},"inLanguage":"fr-FR","potentialAction":[{"@type":"ReadAction","target":["https:\/\/maryandthewax.com\/?product=serviette-de-bain-100x150-white-sape-fdef-blue-palm"]}]},{"@type":"ImageObject","inLanguage":"fr-FR","@id":"https:\/\/maryandthewax.com\/?product=serviette-de-bain-100x150-white-sape-fdef-blue-palm#primaryimage","url":"https:\/\/maryandthewax.com\/wp-content\/uploads\/2023\/10\/L2-031-BAIN-XL100X150-WHITE-SAPE-FDEF-BLUE-PALM-1-PHOTO-1-min.jpg","contentUrl":"https:\/\/maryandthewax.com\/wp-content\/uploads\/2023\/10\/L2-031-BAIN-XL100X150-WHITE-SAPE-FDEF-BLUE-PALM-1-PHOTO-1-min.jpg","width":1920,"height":1916},{"@type":"BreadcrumbList","@id":"https:\/\/maryandthewax.com\/?product=serviette-de-bain-100x150-white-sape-fdef-blue-palm#breadcrumb","itemListElement":[{"@type":"ListItem","position":1,"name":"Accueil","item":"https:\/\/maryandthewax.com\/"},{"@type":"ListItem","position":2,"name":"Shop","item":"https:\/\/maryandthewax.com\/?page_id=252790"},{"@type":"ListItem","position":3,"name":"DRAP DE BAIN 100X150 WHITE SAPE FDEF BLUE PALM"}]},{"@type":"WebSite","@id":"https:\/\/maryandthewax.com\/#website","url":"https:\/\/maryandthewax.com\/","name":"maryandthewax.com","description":"","publisher":{"@id":"https:\/\/maryandthewax.com\/#organization"},"potentialAction":[{"@type":"SearchAction","target":{"@type":"EntryPoint","urlTemplate":"https:\/\/maryandthewax.com\/?s={search_term_string}"},"query-input":{"@type":"PropertyValueSpecification","valueRequired":true,"valueName":"search_term_string"}}],"inLanguage":"fr-FR"},{"@type":"Organization","@id":"https:\/\/maryandthewax.com\/#organization","name":"maryandthewax.com","url":"https:\/\/maryandthewax.com\/","logo":{"@type":"ImageObject","inLanguage":"fr-FR","@id":"https:\/\/maryandthewax.com\/#\/schema\/logo\/image\/","url":"https:\/\/maryandthewax.com\/wp-content\/uploads\/2023\/11\/LOGO-MATW-THE-WC-ROND-COULEUR-1080x1080-1.jpg","contentUrl":"https:\/\/maryandthewax.com\/wp-content\/uploads\/2023\/11\/LOGO-MATW-THE-WC-ROND-COULEUR-1080x1080-1.jpg","width":1080,"height":1080,"caption":"maryandthewax.com"},"image":{"@id":"https:\/\/maryandthewax.com\/#\/schema\/logo\/image\/"},"sameAs":["https:\/\/www.instagram.com\/maryandthewax\/"]}]}},"_links":{"self":[{"href":"https:\/\/maryandthewax.com\/index.php?rest_route=\/wp\/v2\/product\/256413","targetHints":{"allow":["GET"]}}],"collection":[{"href":"https:\/\/maryandthewax.com\/index.php?rest_route=\/wp\/v2\/product"}],"about":[{"href":"https:\/\/maryandthewax.com\/index.php?rest_route=\/wp\/v2\/types\/product"}],"replies":[{"embeddable":true,"href":"https:\/\/maryandthewax.com\/index.php?rest_route=%2Fwp%2Fv2%2Fcomments&post=256413"}],"wp:featuredmedia":[{"embeddable":true,"href":"https:\/\/maryandthewax.com\/index.php?rest_route=\/wp\/v2\/media\/256343"}],"wp:attachment":[{"href":"https:\/\/maryandthewax.com\/index.php?rest_route=%2Fwp%2Fv2%2Fmedia&parent=256413"}],"wp:term":[{"taxonomy":"product_cat","embeddable":true,"href":"https:\/\/maryandthewax.com\/index.php?rest_route=%2Fwp%2Fv2%2Fproduct_cat&post=256413"},{"taxonomy":"product_tag","embeddable":true,"href":"https:\/\/maryandthewax.com\/index.php?rest_route=%2Fwp%2Fv2%2Fproduct_tag&post=256413"}],"curies":[{"name":"wp","href":"https:\/\/api.w.org\/{rel}","templated":true}]}}