{"id":255872,"date":"2023-09-29T03:22:57","date_gmt":"2023-09-29T07:22:57","guid":{"rendered":"https:\/\/maryandthewax.com\/?post_type=product&#038;p=255872"},"modified":"2024-01-05T04:30:12","modified_gmt":"2024-01-05T08:30:12","slug":"porte-cartes-lagoon-cocoa","status":"publish","type":"product","link":"https:\/\/maryandthewax.com\/?product=porte-cartes-lagoon-cocoa","title":{"rendered":"PORTE CARTES LAGOON COCOA"},"content":{"rendered":"<p class=\"p1\">Encore un essentiel\u00a0! Ce porte-cartes est un autre must have de votre bagagerie. Vous ne chercherez plus vos cartes de paiement, permis et autres cartes vitales ou de fid\u00e9lit\u00e9. Compact, il tient dans une poche ou dans une petite pochette. Il existe en 2 formats\u00a0: S ou M.<span class=\"Apple-converted-space\">\u00a0 <\/span>Ses couleurs uniques seront votre r\u00e9confort dans les moments les plus douloureux. Encore une id\u00e9e cadeau pratique qui ne passera pas inaper\u00e7ue.<span class=\"Apple-converted-space\">\u00a0<\/span><\/p>\n<p class=\"p1\">Renforc\u00e9 pour une meilleure tenue, il comporte 3 compartiments (mod\u00e8le S) et 2 compartiments (mod\u00e8le M). Il vous accompagnera dans votre quotidien et vous permettra de rep\u00e9rer vos pr\u00e9cieuses cartes en un coup d\u2019\u0153il. Finitions soign\u00e9es et couleurs originales sont \u00e9galement ses atouts majeurs. <span class=\"Apple-converted-space\">\u00a0<\/span><\/p>\n<p class=\"p1\">Fait main dans l\u2019atelier de Mary, ce porte-cartes est fabriqu\u00e9 en tr\u00e8s petite quantit\u00e9 voire en mod\u00e8le unique. La position du motif peut varier selon le mod\u00e8le.<\/p>\n","protected":false},"excerpt":{"rendered":"<p class=\"p1\">Encore un essentiel\u00a0! Ce porte-cartes est un autre must have de votre bagagerie. Vous ne chercherez plus vos cartes de paiement, permis et autres cartes vitales ou de fid\u00e9lit\u00e9. Compact, il tient dans une poche ou dans une petite pochette. Il existe en 2 formats\u00a0: S ou M.<span class=\"Apple-converted-space\">\u00a0 <\/span>Ses couleurs uniques seront votre r\u00e9confort dans les moments les plus douloureux. Encore une id\u00e9e cadeau pratique qui ne passera pas inaper\u00e7ue.<span class=\"Apple-converted-space\">\u00a0<\/span><\/p>\n<p class=\"p1\">Renforc\u00e9 pour une meilleure tenue, il comporte 3 compartiments (mod\u00e8le S) et 2 compartiments (mod\u00e8le M). Il vous accompagnera dans votre quotidien et vous permettra de rep\u00e9rer vos pr\u00e9cieuses cartes en un coup d\u2019\u0153il. Finitions soign\u00e9es et couleurs originales sont \u00e9galement ses atouts majeurs. <span class=\"Apple-converted-space\">\u00a0<\/span><\/p>\n<p class=\"p1\">Fait main dans l\u2019atelier de Mary, ce porte-cartes est fabriqu\u00e9 en tr\u00e8s petite quantit\u00e9 voire en mod\u00e8le unique. La position du motif peut varier selon le mod\u00e8le.<\/p>\n","protected":false},"featured_media":258518,"comment_status":"open","ping_status":"closed","template":"","meta":{"_acf_changed":false,"_et_pb_use_builder":"","_et_pb_old_content":"","_et_gb_content_width":""},"product_cat":[22,33],"product_tag":[148],"class_list":{"0":"post-255872","1":"product","2":"type-product","3":"status-publish","4":"has-post-thumbnail","6":"product_cat-bagagerie","7":"product_cat-porte-cartes","8":"product_tag-fabric-lagoon-cocoa","10":"first","11":"instock","12":"purchasable","13":"product-type-variable"},"acf":[],"yoast_head":"<!-- This site is optimized with the Yoast SEO plugin v27.1.1 - https:\/\/yoast.com\/product\/yoast-seo-wordpress\/ -->\n<title>PORTE CARTES LAGOON COCOA - maryandthewax.com<\/title>\n<meta name=\"robots\" content=\"index, follow, max-snippet:-1, max-image-preview:large, max-video-preview:-1\" \/>\n<link rel=\"canonical\" href=\"https:\/\/maryandthewax.com\/?product=porte-cartes-lagoon-cocoa\" \/>\n<meta property=\"og:locale\" content=\"fr_FR\" \/>\n<meta property=\"og:type\" content=\"article\" \/>\n<meta property=\"og:title\" content=\"PORTE CARTES LAGOON COCOA - maryandthewax.com\" \/>\n<meta property=\"og:description\" content=\"Encore un essentiel\u00a0! Ce porte-cartes est un autre must have de votre bagagerie. Vous ne chercherez plus vos cartes de paiement, permis et autres cartes vitales ou de fid\u00e9lit\u00e9. Compact, il tient dans une poche ou dans une petite pochette. Il existe en 2 formats\u00a0: S ou M.\u00a0 Ses couleurs uniques seront votre r\u00e9confort dans les moments les plus douloureux. Encore une id\u00e9e cadeau pratique qui ne passera pas inaper\u00e7ue.\u00a0 Renforc\u00e9 pour une meilleure tenue, il comporte 3 compartiments (mod\u00e8le S) et 2 compartiments (mod\u00e8le M). Il vous accompagnera dans votre quotidien et vous permettra de rep\u00e9rer vos pr\u00e9cieuses cartes en un coup d\u2019\u0153il. Finitions soign\u00e9es et couleurs originales sont \u00e9galement ses atouts majeurs. \u00a0 Fait main dans l\u2019atelier de Mary, ce porte-cartes est fabriqu\u00e9 en tr\u00e8s petite quantit\u00e9 voire en mod\u00e8le unique. La position du motif peut varier selon le mod\u00e8le.\" \/>\n<meta property=\"og:url\" content=\"https:\/\/maryandthewax.com\/?product=porte-cartes-lagoon-cocoa\" \/>\n<meta property=\"og:site_name\" content=\"maryandthewax.com\" \/>\n<meta property=\"article:modified_time\" content=\"2024-01-05T08:30:12+00:00\" \/>\n<meta property=\"og:image\" content=\"https:\/\/maryandthewax.com\/wp-content\/uploads\/2023\/09\/B3-003-PORTE-CARTES-LAGOON-COCOA-2-PHOTO-0-min-1.jpg\" \/>\n\t<meta property=\"og:image:width\" content=\"1080\" \/>\n\t<meta property=\"og:image:height\" content=\"1078\" \/>\n\t<meta property=\"og:image:type\" content=\"image\/jpeg\" \/>\n<meta name=\"twitter:card\" content=\"summary_large_image\" \/>\n<meta name=\"twitter:label1\" content=\"Dur\u00e9e de lecture estim\u00e9e\" \/>\n\t<meta name=\"twitter:data1\" content=\"1 minute\" \/>\n<script type=\"application\/ld+json\" class=\"yoast-schema-graph\">{\"@context\":\"https:\/\/schema.org\",\"@graph\":[{\"@type\":\"WebPage\",\"@id\":\"https:\/\/maryandthewax.com\/?product=porte-cartes-lagoon-cocoa\",\"url\":\"https:\/\/maryandthewax.com\/?product=porte-cartes-lagoon-cocoa\",\"name\":\"PORTE CARTES LAGOON COCOA - maryandthewax.com\",\"isPartOf\":{\"@id\":\"https:\/\/maryandthewax.com\/#website\"},\"primaryImageOfPage\":{\"@id\":\"https:\/\/maryandthewax.com\/?product=porte-cartes-lagoon-cocoa#primaryimage\"},\"image\":{\"@id\":\"https:\/\/maryandthewax.com\/?product=porte-cartes-lagoon-cocoa#primaryimage\"},\"thumbnailUrl\":\"https:\/\/maryandthewax.com\/wp-content\/uploads\/2023\/09\/B3-003-PORTE-CARTES-LAGOON-COCOA-2-PHOTO-0-min-1.jpg\",\"datePublished\":\"2023-09-29T07:22:57+00:00\",\"dateModified\":\"2024-01-05T08:30:12+00:00\",\"breadcrumb\":{\"@id\":\"https:\/\/maryandthewax.com\/?product=porte-cartes-lagoon-cocoa#breadcrumb\"},\"inLanguage\":\"fr-FR\",\"potentialAction\":[{\"@type\":\"ReadAction\",\"target\":[\"https:\/\/maryandthewax.com\/?product=porte-cartes-lagoon-cocoa\"]}]},{\"@type\":\"ImageObject\",\"inLanguage\":\"fr-FR\",\"@id\":\"https:\/\/maryandthewax.com\/?product=porte-cartes-lagoon-cocoa#primaryimage\",\"url\":\"https:\/\/maryandthewax.com\/wp-content\/uploads\/2023\/09\/B3-003-PORTE-CARTES-LAGOON-COCOA-2-PHOTO-0-min-1.jpg\",\"contentUrl\":\"https:\/\/maryandthewax.com\/wp-content\/uploads\/2023\/09\/B3-003-PORTE-CARTES-LAGOON-COCOA-2-PHOTO-0-min-1.jpg\",\"width\":1080,\"height\":1078},{\"@type\":\"BreadcrumbList\",\"@id\":\"https:\/\/maryandthewax.com\/?product=porte-cartes-lagoon-cocoa#breadcrumb\",\"itemListElement\":[{\"@type\":\"ListItem\",\"position\":1,\"name\":\"Accueil\",\"item\":\"https:\/\/maryandthewax.com\/\"},{\"@type\":\"ListItem\",\"position\":2,\"name\":\"Shop\",\"item\":\"https:\/\/maryandthewax.com\/?page_id=252790\"},{\"@type\":\"ListItem\",\"position\":3,\"name\":\"PORTE CARTES LAGOON COCOA\"}]},{\"@type\":\"WebSite\",\"@id\":\"https:\/\/maryandthewax.com\/#website\",\"url\":\"https:\/\/maryandthewax.com\/\",\"name\":\"maryandthewax.com\",\"description\":\"\",\"publisher\":{\"@id\":\"https:\/\/maryandthewax.com\/#organization\"},\"potentialAction\":[{\"@type\":\"SearchAction\",\"target\":{\"@type\":\"EntryPoint\",\"urlTemplate\":\"https:\/\/maryandthewax.com\/?s={search_term_string}\"},\"query-input\":{\"@type\":\"PropertyValueSpecification\",\"valueRequired\":true,\"valueName\":\"search_term_string\"}}],\"inLanguage\":\"fr-FR\"},{\"@type\":\"Organization\",\"@id\":\"https:\/\/maryandthewax.com\/#organization\",\"name\":\"maryandthewax.com\",\"url\":\"https:\/\/maryandthewax.com\/\",\"logo\":{\"@type\":\"ImageObject\",\"inLanguage\":\"fr-FR\",\"@id\":\"https:\/\/maryandthewax.com\/#\/schema\/logo\/image\/\",\"url\":\"https:\/\/maryandthewax.com\/wp-content\/uploads\/2023\/11\/LOGO-MATW-THE-WC-ROND-COULEUR-1080x1080-1.jpg\",\"contentUrl\":\"https:\/\/maryandthewax.com\/wp-content\/uploads\/2023\/11\/LOGO-MATW-THE-WC-ROND-COULEUR-1080x1080-1.jpg\",\"width\":1080,\"height\":1080,\"caption\":\"maryandthewax.com\"},\"image\":{\"@id\":\"https:\/\/maryandthewax.com\/#\/schema\/logo\/image\/\"},\"sameAs\":[\"https:\/\/www.instagram.com\/maryandthewax\/\"]}]}<\/script>\n<!-- \/ Yoast SEO plugin. -->","yoast_head_json":{"title":"PORTE CARTES LAGOON COCOA - maryandthewax.com","robots":{"index":"index","follow":"follow","max-snippet":"max-snippet:-1","max-image-preview":"max-image-preview:large","max-video-preview":"max-video-preview:-1"},"canonical":"https:\/\/maryandthewax.com\/?product=porte-cartes-lagoon-cocoa","og_locale":"fr_FR","og_type":"article","og_title":"PORTE CARTES LAGOON COCOA - maryandthewax.com","og_description":"Encore un essentiel\u00a0! Ce porte-cartes est un autre must have de votre bagagerie. Vous ne chercherez plus vos cartes de paiement, permis et autres cartes vitales ou de fid\u00e9lit\u00e9. Compact, il tient dans une poche ou dans une petite pochette. Il existe en 2 formats\u00a0: S ou M.\u00a0 Ses couleurs uniques seront votre r\u00e9confort dans les moments les plus douloureux. Encore une id\u00e9e cadeau pratique qui ne passera pas inaper\u00e7ue.\u00a0 Renforc\u00e9 pour une meilleure tenue, il comporte 3 compartiments (mod\u00e8le S) et 2 compartiments (mod\u00e8le M). Il vous accompagnera dans votre quotidien et vous permettra de rep\u00e9rer vos pr\u00e9cieuses cartes en un coup d\u2019\u0153il. Finitions soign\u00e9es et couleurs originales sont \u00e9galement ses atouts majeurs. \u00a0 Fait main dans l\u2019atelier de Mary, ce porte-cartes est fabriqu\u00e9 en tr\u00e8s petite quantit\u00e9 voire en mod\u00e8le unique. La position du motif peut varier selon le mod\u00e8le.","og_url":"https:\/\/maryandthewax.com\/?product=porte-cartes-lagoon-cocoa","og_site_name":"maryandthewax.com","article_modified_time":"2024-01-05T08:30:12+00:00","og_image":[{"width":1080,"height":1078,"url":"https:\/\/maryandthewax.com\/wp-content\/uploads\/2023\/09\/B3-003-PORTE-CARTES-LAGOON-COCOA-2-PHOTO-0-min-1.jpg","type":"image\/jpeg"}],"twitter_card":"summary_large_image","twitter_misc":{"Dur\u00e9e de lecture estim\u00e9e":"1 minute"},"schema":{"@context":"https:\/\/schema.org","@graph":[{"@type":"WebPage","@id":"https:\/\/maryandthewax.com\/?product=porte-cartes-lagoon-cocoa","url":"https:\/\/maryandthewax.com\/?product=porte-cartes-lagoon-cocoa","name":"PORTE CARTES LAGOON COCOA - maryandthewax.com","isPartOf":{"@id":"https:\/\/maryandthewax.com\/#website"},"primaryImageOfPage":{"@id":"https:\/\/maryandthewax.com\/?product=porte-cartes-lagoon-cocoa#primaryimage"},"image":{"@id":"https:\/\/maryandthewax.com\/?product=porte-cartes-lagoon-cocoa#primaryimage"},"thumbnailUrl":"https:\/\/maryandthewax.com\/wp-content\/uploads\/2023\/09\/B3-003-PORTE-CARTES-LAGOON-COCOA-2-PHOTO-0-min-1.jpg","datePublished":"2023-09-29T07:22:57+00:00","dateModified":"2024-01-05T08:30:12+00:00","breadcrumb":{"@id":"https:\/\/maryandthewax.com\/?product=porte-cartes-lagoon-cocoa#breadcrumb"},"inLanguage":"fr-FR","potentialAction":[{"@type":"ReadAction","target":["https:\/\/maryandthewax.com\/?product=porte-cartes-lagoon-cocoa"]}]},{"@type":"ImageObject","inLanguage":"fr-FR","@id":"https:\/\/maryandthewax.com\/?product=porte-cartes-lagoon-cocoa#primaryimage","url":"https:\/\/maryandthewax.com\/wp-content\/uploads\/2023\/09\/B3-003-PORTE-CARTES-LAGOON-COCOA-2-PHOTO-0-min-1.jpg","contentUrl":"https:\/\/maryandthewax.com\/wp-content\/uploads\/2023\/09\/B3-003-PORTE-CARTES-LAGOON-COCOA-2-PHOTO-0-min-1.jpg","width":1080,"height":1078},{"@type":"BreadcrumbList","@id":"https:\/\/maryandthewax.com\/?product=porte-cartes-lagoon-cocoa#breadcrumb","itemListElement":[{"@type":"ListItem","position":1,"name":"Accueil","item":"https:\/\/maryandthewax.com\/"},{"@type":"ListItem","position":2,"name":"Shop","item":"https:\/\/maryandthewax.com\/?page_id=252790"},{"@type":"ListItem","position":3,"name":"PORTE CARTES LAGOON COCOA"}]},{"@type":"WebSite","@id":"https:\/\/maryandthewax.com\/#website","url":"https:\/\/maryandthewax.com\/","name":"maryandthewax.com","description":"","publisher":{"@id":"https:\/\/maryandthewax.com\/#organization"},"potentialAction":[{"@type":"SearchAction","target":{"@type":"EntryPoint","urlTemplate":"https:\/\/maryandthewax.com\/?s={search_term_string}"},"query-input":{"@type":"PropertyValueSpecification","valueRequired":true,"valueName":"search_term_string"}}],"inLanguage":"fr-FR"},{"@type":"Organization","@id":"https:\/\/maryandthewax.com\/#organization","name":"maryandthewax.com","url":"https:\/\/maryandthewax.com\/","logo":{"@type":"ImageObject","inLanguage":"fr-FR","@id":"https:\/\/maryandthewax.com\/#\/schema\/logo\/image\/","url":"https:\/\/maryandthewax.com\/wp-content\/uploads\/2023\/11\/LOGO-MATW-THE-WC-ROND-COULEUR-1080x1080-1.jpg","contentUrl":"https:\/\/maryandthewax.com\/wp-content\/uploads\/2023\/11\/LOGO-MATW-THE-WC-ROND-COULEUR-1080x1080-1.jpg","width":1080,"height":1080,"caption":"maryandthewax.com"},"image":{"@id":"https:\/\/maryandthewax.com\/#\/schema\/logo\/image\/"},"sameAs":["https:\/\/www.instagram.com\/maryandthewax\/"]}]}},"_links":{"self":[{"href":"https:\/\/maryandthewax.com\/index.php?rest_route=\/wp\/v2\/product\/255872","targetHints":{"allow":["GET"]}}],"collection":[{"href":"https:\/\/maryandthewax.com\/index.php?rest_route=\/wp\/v2\/product"}],"about":[{"href":"https:\/\/maryandthewax.com\/index.php?rest_route=\/wp\/v2\/types\/product"}],"replies":[{"embeddable":true,"href":"https:\/\/maryandthewax.com\/index.php?rest_route=%2Fwp%2Fv2%2Fcomments&post=255872"}],"wp:featuredmedia":[{"embeddable":true,"href":"https:\/\/maryandthewax.com\/index.php?rest_route=\/wp\/v2\/media\/258518"}],"wp:attachment":[{"href":"https:\/\/maryandthewax.com\/index.php?rest_route=%2Fwp%2Fv2%2Fmedia&parent=255872"}],"wp:term":[{"taxonomy":"product_cat","embeddable":true,"href":"https:\/\/maryandthewax.com\/index.php?rest_route=%2Fwp%2Fv2%2Fproduct_cat&post=255872"},{"taxonomy":"product_tag","embeddable":true,"href":"https:\/\/maryandthewax.com\/index.php?rest_route=%2Fwp%2Fv2%2Fproduct_tag&post=255872"}],"curies":[{"name":"wp","href":"https:\/\/api.w.org\/{rel}","templated":true}]}}