{"id":250097,"date":"2023-04-29T02:16:00","date_gmt":"2023-04-29T00:16:00","guid":{"rendered":"https:\/\/maryandthewax.com\/?post_type=product&#038;p=250097"},"modified":"2024-01-05T03:38:30","modified_gmt":"2024-01-05T07:38:30","slug":"anneau-dentition-blue-mary","status":"publish","type":"product","link":"https:\/\/maryandthewax.com\/?product=anneau-dentition-blue-mary","title":{"rendered":"ANNEAU DENTITION LAGOON COCOA"},"content":{"rendered":"<p>Nos petits bouts en sont mordus ! Cet anneau de dentition fera partie des premiers jeux de b\u00e9b\u00e9. Ces couleurs vives et ses diff\u00e9rentes textures en feront un \u00e9l\u00e9ment d\u2019\u00e9veil. Ses oreilles en forme de lapin poss\u00e8dent une face en Wax ou tissu imprim\u00e9 et une face en \u00e9ponge bambou toute douce. L\u2019anneau en bois lisse et doux (certifi\u00e9 EN 71-3 \/ exempt de tout composant nocif) permettra aux petits de le saisir facilement. Id\u00e9al pour accompagner b\u00e9b\u00e9 \u00e0 l\u2019apparition de ses premi\u00e8res dents, il peut \u00eatre mis \u00e0 la bouche et mordu.<\/p>\n<p>Encore une id\u00e9e cadeau originale qui ne passera pas inaper\u00e7ue.<\/p>\n<p>Ses finitions soign\u00e9es et ses couleurs originales en feront le compagnon de b\u00e9b\u00e9. Habill\u00e9 dans l\u2019atelier de Mary, cet anneau de dentition est fabriqu\u00e9 en tr\u00e8s petite quantit\u00e9 voire en mod\u00e8le unique. La position du motif peut varier selon le mod\u00e8le.<\/p>\n","protected":false},"excerpt":{"rendered":"<p>Nos petits bouts en sont mordus ! Cet anneau de dentition fera partie des premiers jeux de b\u00e9b\u00e9. Ces couleurs vives et ses diff\u00e9rentes textures en feront un \u00e9l\u00e9ment d\u2019\u00e9veil. Ses oreilles en forme de lapin poss\u00e8dent une face en Wax ou tissu imprim\u00e9 et une face en \u00e9ponge bambou toute douce. L\u2019anneau en bois lisse et doux (certifi\u00e9 EN 71-3 \/ exempt de tout composant nocif) permettra aux petits de le saisir facilement. Id\u00e9al pour accompagner b\u00e9b\u00e9 \u00e0 l\u2019apparition de ses premi\u00e8res dents, il peut \u00eatre mis \u00e0 la bouche et mordu.<\/p>\n","protected":false},"featured_media":250098,"comment_status":"open","ping_status":"closed","template":"","meta":{"_acf_changed":false,"_et_pb_use_builder":"","_et_pb_old_content":"","_et_gb_content_width":""},"product_cat":[53,27],"product_tag":[148],"class_list":{"0":"post-250097","1":"product","2":"type-product","3":"status-publish","4":"has-post-thumbnail","6":"product_cat-anneaux-de-dentition","7":"product_cat-pour-les-petits","8":"product_tag-fabric-lagoon-cocoa","10":"first","11":"instock","12":"purchasable","13":"product-type-simple"},"acf":[],"yoast_head":"<!-- This site is optimized with the Yoast SEO plugin v27.1.1 - https:\/\/yoast.com\/product\/yoast-seo-wordpress\/ -->\n<title>ANNEAU DENTITION LAGOON COCOA - maryandthewax.com<\/title>\n<meta name=\"robots\" content=\"index, follow, max-snippet:-1, max-image-preview:large, max-video-preview:-1\" \/>\n<link rel=\"canonical\" href=\"https:\/\/maryandthewax.com\/?product=anneau-dentition-blue-mary\" \/>\n<meta property=\"og:locale\" content=\"fr_FR\" \/>\n<meta property=\"og:type\" content=\"article\" \/>\n<meta property=\"og:title\" content=\"ANNEAU DENTITION LAGOON COCOA - maryandthewax.com\" \/>\n<meta property=\"og:description\" content=\"Nos petits bouts en sont mordus ! Cet anneau de dentition fera partie des premiers jeux de b\u00e9b\u00e9. Ces couleurs vives et ses diff\u00e9rentes textures en feront un \u00e9l\u00e9ment d\u2019\u00e9veil. Ses oreilles en forme de lapin poss\u00e8dent une face en Wax ou tissu imprim\u00e9 et une face en \u00e9ponge bambou toute douce. L\u2019anneau en bois lisse et doux (certifi\u00e9 EN 71-3 \/ exempt de tout composant nocif) permettra aux petits de le saisir facilement. Id\u00e9al pour accompagner b\u00e9b\u00e9 \u00e0 l\u2019apparition de ses premi\u00e8res dents, il peut \u00eatre mis \u00e0 la bouche et mordu.\" \/>\n<meta property=\"og:url\" content=\"https:\/\/maryandthewax.com\/?product=anneau-dentition-blue-mary\" \/>\n<meta property=\"og:site_name\" content=\"maryandthewax.com\" \/>\n<meta property=\"article:modified_time\" content=\"2024-01-05T07:38:30+00:00\" \/>\n<meta property=\"og:image\" content=\"https:\/\/maryandthewax.com\/wp-content\/uploads\/2023\/04\/K2-005-ANNEAU-DENTITION-BLUE-MARY-1.jpg\" \/>\n\t<meta property=\"og:image:width\" content=\"1920\" \/>\n\t<meta property=\"og:image:height\" content=\"1916\" \/>\n\t<meta property=\"og:image:type\" content=\"image\/jpeg\" \/>\n<meta name=\"twitter:card\" content=\"summary_large_image\" \/>\n<meta name=\"twitter:label1\" content=\"Dur\u00e9e de lecture estim\u00e9e\" \/>\n\t<meta name=\"twitter:data1\" content=\"1 minute\" \/>\n<script type=\"application\/ld+json\" class=\"yoast-schema-graph\">{\"@context\":\"https:\/\/schema.org\",\"@graph\":[{\"@type\":\"WebPage\",\"@id\":\"https:\/\/maryandthewax.com\/?product=anneau-dentition-blue-mary\",\"url\":\"https:\/\/maryandthewax.com\/?product=anneau-dentition-blue-mary\",\"name\":\"ANNEAU DENTITION LAGOON COCOA - maryandthewax.com\",\"isPartOf\":{\"@id\":\"https:\/\/maryandthewax.com\/#website\"},\"primaryImageOfPage\":{\"@id\":\"https:\/\/maryandthewax.com\/?product=anneau-dentition-blue-mary#primaryimage\"},\"image\":{\"@id\":\"https:\/\/maryandthewax.com\/?product=anneau-dentition-blue-mary#primaryimage\"},\"thumbnailUrl\":\"https:\/\/maryandthewax.com\/wp-content\/uploads\/2023\/04\/K2-005-ANNEAU-DENTITION-BLUE-MARY-1.jpg\",\"datePublished\":\"2023-04-29T00:16:00+00:00\",\"dateModified\":\"2024-01-05T07:38:30+00:00\",\"breadcrumb\":{\"@id\":\"https:\/\/maryandthewax.com\/?product=anneau-dentition-blue-mary#breadcrumb\"},\"inLanguage\":\"fr-FR\",\"potentialAction\":[{\"@type\":\"ReadAction\",\"target\":[\"https:\/\/maryandthewax.com\/?product=anneau-dentition-blue-mary\"]}]},{\"@type\":\"ImageObject\",\"inLanguage\":\"fr-FR\",\"@id\":\"https:\/\/maryandthewax.com\/?product=anneau-dentition-blue-mary#primaryimage\",\"url\":\"https:\/\/maryandthewax.com\/wp-content\/uploads\/2023\/04\/K2-005-ANNEAU-DENTITION-BLUE-MARY-1.jpg\",\"contentUrl\":\"https:\/\/maryandthewax.com\/wp-content\/uploads\/2023\/04\/K2-005-ANNEAU-DENTITION-BLUE-MARY-1.jpg\",\"width\":1920,\"height\":1916},{\"@type\":\"BreadcrumbList\",\"@id\":\"https:\/\/maryandthewax.com\/?product=anneau-dentition-blue-mary#breadcrumb\",\"itemListElement\":[{\"@type\":\"ListItem\",\"position\":1,\"name\":\"Accueil\",\"item\":\"https:\/\/maryandthewax.com\/\"},{\"@type\":\"ListItem\",\"position\":2,\"name\":\"Shop\",\"item\":\"https:\/\/maryandthewax.com\/?page_id=252790\"},{\"@type\":\"ListItem\",\"position\":3,\"name\":\"ANNEAU DENTITION LAGOON COCOA\"}]},{\"@type\":\"WebSite\",\"@id\":\"https:\/\/maryandthewax.com\/#website\",\"url\":\"https:\/\/maryandthewax.com\/\",\"name\":\"maryandthewax.com\",\"description\":\"\",\"publisher\":{\"@id\":\"https:\/\/maryandthewax.com\/#organization\"},\"potentialAction\":[{\"@type\":\"SearchAction\",\"target\":{\"@type\":\"EntryPoint\",\"urlTemplate\":\"https:\/\/maryandthewax.com\/?s={search_term_string}\"},\"query-input\":{\"@type\":\"PropertyValueSpecification\",\"valueRequired\":true,\"valueName\":\"search_term_string\"}}],\"inLanguage\":\"fr-FR\"},{\"@type\":\"Organization\",\"@id\":\"https:\/\/maryandthewax.com\/#organization\",\"name\":\"maryandthewax.com\",\"url\":\"https:\/\/maryandthewax.com\/\",\"logo\":{\"@type\":\"ImageObject\",\"inLanguage\":\"fr-FR\",\"@id\":\"https:\/\/maryandthewax.com\/#\/schema\/logo\/image\/\",\"url\":\"https:\/\/maryandthewax.com\/wp-content\/uploads\/2023\/11\/LOGO-MATW-THE-WC-ROND-COULEUR-1080x1080-1.jpg\",\"contentUrl\":\"https:\/\/maryandthewax.com\/wp-content\/uploads\/2023\/11\/LOGO-MATW-THE-WC-ROND-COULEUR-1080x1080-1.jpg\",\"width\":1080,\"height\":1080,\"caption\":\"maryandthewax.com\"},\"image\":{\"@id\":\"https:\/\/maryandthewax.com\/#\/schema\/logo\/image\/\"},\"sameAs\":[\"https:\/\/www.instagram.com\/maryandthewax\/\"]}]}<\/script>\n<!-- \/ Yoast SEO plugin. -->","yoast_head_json":{"title":"ANNEAU DENTITION LAGOON COCOA - maryandthewax.com","robots":{"index":"index","follow":"follow","max-snippet":"max-snippet:-1","max-image-preview":"max-image-preview:large","max-video-preview":"max-video-preview:-1"},"canonical":"https:\/\/maryandthewax.com\/?product=anneau-dentition-blue-mary","og_locale":"fr_FR","og_type":"article","og_title":"ANNEAU DENTITION LAGOON COCOA - maryandthewax.com","og_description":"Nos petits bouts en sont mordus ! Cet anneau de dentition fera partie des premiers jeux de b\u00e9b\u00e9. Ces couleurs vives et ses diff\u00e9rentes textures en feront un \u00e9l\u00e9ment d\u2019\u00e9veil. Ses oreilles en forme de lapin poss\u00e8dent une face en Wax ou tissu imprim\u00e9 et une face en \u00e9ponge bambou toute douce. L\u2019anneau en bois lisse et doux (certifi\u00e9 EN 71-3 \/ exempt de tout composant nocif) permettra aux petits de le saisir facilement. Id\u00e9al pour accompagner b\u00e9b\u00e9 \u00e0 l\u2019apparition de ses premi\u00e8res dents, il peut \u00eatre mis \u00e0 la bouche et mordu.","og_url":"https:\/\/maryandthewax.com\/?product=anneau-dentition-blue-mary","og_site_name":"maryandthewax.com","article_modified_time":"2024-01-05T07:38:30+00:00","og_image":[{"width":1920,"height":1916,"url":"https:\/\/maryandthewax.com\/wp-content\/uploads\/2023\/04\/K2-005-ANNEAU-DENTITION-BLUE-MARY-1.jpg","type":"image\/jpeg"}],"twitter_card":"summary_large_image","twitter_misc":{"Dur\u00e9e de lecture estim\u00e9e":"1 minute"},"schema":{"@context":"https:\/\/schema.org","@graph":[{"@type":"WebPage","@id":"https:\/\/maryandthewax.com\/?product=anneau-dentition-blue-mary","url":"https:\/\/maryandthewax.com\/?product=anneau-dentition-blue-mary","name":"ANNEAU DENTITION LAGOON COCOA - maryandthewax.com","isPartOf":{"@id":"https:\/\/maryandthewax.com\/#website"},"primaryImageOfPage":{"@id":"https:\/\/maryandthewax.com\/?product=anneau-dentition-blue-mary#primaryimage"},"image":{"@id":"https:\/\/maryandthewax.com\/?product=anneau-dentition-blue-mary#primaryimage"},"thumbnailUrl":"https:\/\/maryandthewax.com\/wp-content\/uploads\/2023\/04\/K2-005-ANNEAU-DENTITION-BLUE-MARY-1.jpg","datePublished":"2023-04-29T00:16:00+00:00","dateModified":"2024-01-05T07:38:30+00:00","breadcrumb":{"@id":"https:\/\/maryandthewax.com\/?product=anneau-dentition-blue-mary#breadcrumb"},"inLanguage":"fr-FR","potentialAction":[{"@type":"ReadAction","target":["https:\/\/maryandthewax.com\/?product=anneau-dentition-blue-mary"]}]},{"@type":"ImageObject","inLanguage":"fr-FR","@id":"https:\/\/maryandthewax.com\/?product=anneau-dentition-blue-mary#primaryimage","url":"https:\/\/maryandthewax.com\/wp-content\/uploads\/2023\/04\/K2-005-ANNEAU-DENTITION-BLUE-MARY-1.jpg","contentUrl":"https:\/\/maryandthewax.com\/wp-content\/uploads\/2023\/04\/K2-005-ANNEAU-DENTITION-BLUE-MARY-1.jpg","width":1920,"height":1916},{"@type":"BreadcrumbList","@id":"https:\/\/maryandthewax.com\/?product=anneau-dentition-blue-mary#breadcrumb","itemListElement":[{"@type":"ListItem","position":1,"name":"Accueil","item":"https:\/\/maryandthewax.com\/"},{"@type":"ListItem","position":2,"name":"Shop","item":"https:\/\/maryandthewax.com\/?page_id=252790"},{"@type":"ListItem","position":3,"name":"ANNEAU DENTITION LAGOON COCOA"}]},{"@type":"WebSite","@id":"https:\/\/maryandthewax.com\/#website","url":"https:\/\/maryandthewax.com\/","name":"maryandthewax.com","description":"","publisher":{"@id":"https:\/\/maryandthewax.com\/#organization"},"potentialAction":[{"@type":"SearchAction","target":{"@type":"EntryPoint","urlTemplate":"https:\/\/maryandthewax.com\/?s={search_term_string}"},"query-input":{"@type":"PropertyValueSpecification","valueRequired":true,"valueName":"search_term_string"}}],"inLanguage":"fr-FR"},{"@type":"Organization","@id":"https:\/\/maryandthewax.com\/#organization","name":"maryandthewax.com","url":"https:\/\/maryandthewax.com\/","logo":{"@type":"ImageObject","inLanguage":"fr-FR","@id":"https:\/\/maryandthewax.com\/#\/schema\/logo\/image\/","url":"https:\/\/maryandthewax.com\/wp-content\/uploads\/2023\/11\/LOGO-MATW-THE-WC-ROND-COULEUR-1080x1080-1.jpg","contentUrl":"https:\/\/maryandthewax.com\/wp-content\/uploads\/2023\/11\/LOGO-MATW-THE-WC-ROND-COULEUR-1080x1080-1.jpg","width":1080,"height":1080,"caption":"maryandthewax.com"},"image":{"@id":"https:\/\/maryandthewax.com\/#\/schema\/logo\/image\/"},"sameAs":["https:\/\/www.instagram.com\/maryandthewax\/"]}]}},"_links":{"self":[{"href":"https:\/\/maryandthewax.com\/index.php?rest_route=\/wp\/v2\/product\/250097","targetHints":{"allow":["GET"]}}],"collection":[{"href":"https:\/\/maryandthewax.com\/index.php?rest_route=\/wp\/v2\/product"}],"about":[{"href":"https:\/\/maryandthewax.com\/index.php?rest_route=\/wp\/v2\/types\/product"}],"replies":[{"embeddable":true,"href":"https:\/\/maryandthewax.com\/index.php?rest_route=%2Fwp%2Fv2%2Fcomments&post=250097"}],"wp:featuredmedia":[{"embeddable":true,"href":"https:\/\/maryandthewax.com\/index.php?rest_route=\/wp\/v2\/media\/250098"}],"wp:attachment":[{"href":"https:\/\/maryandthewax.com\/index.php?rest_route=%2Fwp%2Fv2%2Fmedia&parent=250097"}],"wp:term":[{"taxonomy":"product_cat","embeddable":true,"href":"https:\/\/maryandthewax.com\/index.php?rest_route=%2Fwp%2Fv2%2Fproduct_cat&post=250097"},{"taxonomy":"product_tag","embeddable":true,"href":"https:\/\/maryandthewax.com\/index.php?rest_route=%2Fwp%2Fv2%2Fproduct_tag&post=250097"}],"curies":[{"name":"wp","href":"https:\/\/api.w.org\/{rel}","templated":true}]}}