{"id":250077,"date":"2023-04-29T02:00:39","date_gmt":"2023-04-29T00:00:39","guid":{"rendered":"https:\/\/maryandthewax.com\/?post_type=product&#038;p=250077"},"modified":"2024-01-05T03:41:42","modified_gmt":"2024-01-05T07:41:42","slug":"flashy-green-awoulaba-bavoir","status":"publish","type":"product","link":"https:\/\/maryandthewax.com\/?product=flashy-green-awoulaba-bavoir","title":{"rendered":"FLASHY GREEN AWOULABA BAVOIR"},"content":{"rendered":"<p>Pr\u00eat \u00e0 accompagner tous les repas de b\u00e9b\u00e9, ce bavoir sap\u00e9 d\u2019une bande de Wax mettra du peps dans ce moment privil\u00e9gi\u00e9 de la journ\u00e9e!<\/p>\n<p>Ce bavoir se noue au cou gr\u00e2ce \u00e0 ses attaches qui assurent aussi la finition de contour de l\u2019accessoire.<\/p>\n<p>Un indispensable du quotidien qui mettra en app\u00e9tit les petits avec style.<\/p>\n<p>Ses finitions soign\u00e9es et ses couleurs originales en feront un atout mode inattendu de b\u00e9b\u00e9. Sap\u00e9 dans l\u2019atelier de Mary, ce bavoir est fabriqu\u00e9 en tr\u00e8s petite quantit\u00e9 voire en mod\u00e8le unique. La position du motif peut varier selon le mod\u00e8le.<\/p>\n","protected":false},"excerpt":{"rendered":"<p>Pr\u00eat \u00e0 accompagner tous les repas de b\u00e9b\u00e9, ce bavoir sap\u00e9 d\u2019une bande de Wax mettra du peps dans ce moment privil\u00e9gi\u00e9 de la journ\u00e9e!<\/p>\n<p>Ce bavoir se noue au cou gr\u00e2ce \u00e0 ses attaches qui assurent aussi la finition de contour de l\u2019accessoire.<\/p>\n","protected":false},"featured_media":250078,"comment_status":"open","ping_status":"closed","template":"","meta":{"_acf_changed":false,"_et_pb_use_builder":"","_et_pb_old_content":"","_et_gb_content_width":""},"product_cat":[54,27],"product_tag":[138],"class_list":{"0":"post-250077","1":"product","2":"type-product","3":"status-publish","4":"has-post-thumbnail","6":"product_cat-bavoirs","7":"product_cat-pour-les-petits","8":"product_tag-fabric-green-awoulaba-bavoir","10":"first","11":"instock","12":"purchasable","13":"product-type-simple"},"acf":[],"yoast_head":"<!-- This site is optimized with the Yoast SEO plugin v27.1.1 - https:\/\/yoast.com\/product\/yoast-seo-wordpress\/ -->\n<title>FLASHY GREEN AWOULABA BAVOIR - maryandthewax.com<\/title>\n<meta name=\"robots\" content=\"index, follow, max-snippet:-1, max-image-preview:large, max-video-preview:-1\" \/>\n<link rel=\"canonical\" href=\"https:\/\/maryandthewax.com\/?product=flashy-green-awoulaba-bavoir\" \/>\n<meta property=\"og:locale\" content=\"fr_FR\" \/>\n<meta property=\"og:type\" content=\"article\" \/>\n<meta property=\"og:title\" content=\"FLASHY GREEN AWOULABA BAVOIR - maryandthewax.com\" \/>\n<meta property=\"og:description\" content=\"Pr\u00eat \u00e0 accompagner tous les repas de b\u00e9b\u00e9, ce bavoir sap\u00e9 d\u2019une bande de Wax mettra du peps dans ce moment privil\u00e9gi\u00e9 de la journ\u00e9e!  Ce bavoir se noue au cou gr\u00e2ce \u00e0 ses attaches qui assurent aussi la finition de contour de l\u2019accessoire.\" \/>\n<meta property=\"og:url\" content=\"https:\/\/maryandthewax.com\/?product=flashy-green-awoulaba-bavoir\" \/>\n<meta property=\"og:site_name\" content=\"maryandthewax.com\" \/>\n<meta property=\"article:modified_time\" content=\"2024-01-05T07:41:42+00:00\" \/>\n<meta property=\"og:image\" content=\"https:\/\/maryandthewax.com\/wp-content\/uploads\/2023\/04\/K3-004-FLASHY-GREEN-AWOULABA-BAVOIR-1.jpg\" \/>\n\t<meta property=\"og:image:width\" content=\"960\" \/>\n\t<meta property=\"og:image:height\" content=\"958\" \/>\n\t<meta property=\"og:image:type\" content=\"image\/jpeg\" \/>\n<meta name=\"twitter:card\" content=\"summary_large_image\" \/>\n<meta name=\"twitter:label1\" content=\"Dur\u00e9e de lecture estim\u00e9e\" \/>\n\t<meta name=\"twitter:data1\" content=\"1 minute\" \/>\n<script type=\"application\/ld+json\" class=\"yoast-schema-graph\">{\"@context\":\"https:\/\/schema.org\",\"@graph\":[{\"@type\":\"WebPage\",\"@id\":\"https:\/\/maryandthewax.com\/?product=flashy-green-awoulaba-bavoir\",\"url\":\"https:\/\/maryandthewax.com\/?product=flashy-green-awoulaba-bavoir\",\"name\":\"FLASHY GREEN AWOULABA BAVOIR - maryandthewax.com\",\"isPartOf\":{\"@id\":\"https:\/\/maryandthewax.com\/#website\"},\"primaryImageOfPage\":{\"@id\":\"https:\/\/maryandthewax.com\/?product=flashy-green-awoulaba-bavoir#primaryimage\"},\"image\":{\"@id\":\"https:\/\/maryandthewax.com\/?product=flashy-green-awoulaba-bavoir#primaryimage\"},\"thumbnailUrl\":\"https:\/\/maryandthewax.com\/wp-content\/uploads\/2023\/04\/K3-004-FLASHY-GREEN-AWOULABA-BAVOIR-1.jpg\",\"datePublished\":\"2023-04-29T00:00:39+00:00\",\"dateModified\":\"2024-01-05T07:41:42+00:00\",\"breadcrumb\":{\"@id\":\"https:\/\/maryandthewax.com\/?product=flashy-green-awoulaba-bavoir#breadcrumb\"},\"inLanguage\":\"fr-FR\",\"potentialAction\":[{\"@type\":\"ReadAction\",\"target\":[\"https:\/\/maryandthewax.com\/?product=flashy-green-awoulaba-bavoir\"]}]},{\"@type\":\"ImageObject\",\"inLanguage\":\"fr-FR\",\"@id\":\"https:\/\/maryandthewax.com\/?product=flashy-green-awoulaba-bavoir#primaryimage\",\"url\":\"https:\/\/maryandthewax.com\/wp-content\/uploads\/2023\/04\/K3-004-FLASHY-GREEN-AWOULABA-BAVOIR-1.jpg\",\"contentUrl\":\"https:\/\/maryandthewax.com\/wp-content\/uploads\/2023\/04\/K3-004-FLASHY-GREEN-AWOULABA-BAVOIR-1.jpg\",\"width\":960,\"height\":958},{\"@type\":\"BreadcrumbList\",\"@id\":\"https:\/\/maryandthewax.com\/?product=flashy-green-awoulaba-bavoir#breadcrumb\",\"itemListElement\":[{\"@type\":\"ListItem\",\"position\":1,\"name\":\"Accueil\",\"item\":\"https:\/\/maryandthewax.com\/\"},{\"@type\":\"ListItem\",\"position\":2,\"name\":\"Shop\",\"item\":\"https:\/\/maryandthewax.com\/?page_id=252790\"},{\"@type\":\"ListItem\",\"position\":3,\"name\":\"FLASHY GREEN AWOULABA BAVOIR\"}]},{\"@type\":\"WebSite\",\"@id\":\"https:\/\/maryandthewax.com\/#website\",\"url\":\"https:\/\/maryandthewax.com\/\",\"name\":\"maryandthewax.com\",\"description\":\"\",\"publisher\":{\"@id\":\"https:\/\/maryandthewax.com\/#organization\"},\"potentialAction\":[{\"@type\":\"SearchAction\",\"target\":{\"@type\":\"EntryPoint\",\"urlTemplate\":\"https:\/\/maryandthewax.com\/?s={search_term_string}\"},\"query-input\":{\"@type\":\"PropertyValueSpecification\",\"valueRequired\":true,\"valueName\":\"search_term_string\"}}],\"inLanguage\":\"fr-FR\"},{\"@type\":\"Organization\",\"@id\":\"https:\/\/maryandthewax.com\/#organization\",\"name\":\"maryandthewax.com\",\"url\":\"https:\/\/maryandthewax.com\/\",\"logo\":{\"@type\":\"ImageObject\",\"inLanguage\":\"fr-FR\",\"@id\":\"https:\/\/maryandthewax.com\/#\/schema\/logo\/image\/\",\"url\":\"https:\/\/maryandthewax.com\/wp-content\/uploads\/2023\/11\/LOGO-MATW-THE-WC-ROND-COULEUR-1080x1080-1.jpg\",\"contentUrl\":\"https:\/\/maryandthewax.com\/wp-content\/uploads\/2023\/11\/LOGO-MATW-THE-WC-ROND-COULEUR-1080x1080-1.jpg\",\"width\":1080,\"height\":1080,\"caption\":\"maryandthewax.com\"},\"image\":{\"@id\":\"https:\/\/maryandthewax.com\/#\/schema\/logo\/image\/\"},\"sameAs\":[\"https:\/\/www.instagram.com\/maryandthewax\/\"]}]}<\/script>\n<!-- \/ Yoast SEO plugin. -->","yoast_head_json":{"title":"FLASHY GREEN AWOULABA BAVOIR - maryandthewax.com","robots":{"index":"index","follow":"follow","max-snippet":"max-snippet:-1","max-image-preview":"max-image-preview:large","max-video-preview":"max-video-preview:-1"},"canonical":"https:\/\/maryandthewax.com\/?product=flashy-green-awoulaba-bavoir","og_locale":"fr_FR","og_type":"article","og_title":"FLASHY GREEN AWOULABA BAVOIR - maryandthewax.com","og_description":"Pr\u00eat \u00e0 accompagner tous les repas de b\u00e9b\u00e9, ce bavoir sap\u00e9 d\u2019une bande de Wax mettra du peps dans ce moment privil\u00e9gi\u00e9 de la journ\u00e9e!  Ce bavoir se noue au cou gr\u00e2ce \u00e0 ses attaches qui assurent aussi la finition de contour de l\u2019accessoire.","og_url":"https:\/\/maryandthewax.com\/?product=flashy-green-awoulaba-bavoir","og_site_name":"maryandthewax.com","article_modified_time":"2024-01-05T07:41:42+00:00","og_image":[{"width":960,"height":958,"url":"https:\/\/maryandthewax.com\/wp-content\/uploads\/2023\/04\/K3-004-FLASHY-GREEN-AWOULABA-BAVOIR-1.jpg","type":"image\/jpeg"}],"twitter_card":"summary_large_image","twitter_misc":{"Dur\u00e9e de lecture estim\u00e9e":"1 minute"},"schema":{"@context":"https:\/\/schema.org","@graph":[{"@type":"WebPage","@id":"https:\/\/maryandthewax.com\/?product=flashy-green-awoulaba-bavoir","url":"https:\/\/maryandthewax.com\/?product=flashy-green-awoulaba-bavoir","name":"FLASHY GREEN AWOULABA BAVOIR - maryandthewax.com","isPartOf":{"@id":"https:\/\/maryandthewax.com\/#website"},"primaryImageOfPage":{"@id":"https:\/\/maryandthewax.com\/?product=flashy-green-awoulaba-bavoir#primaryimage"},"image":{"@id":"https:\/\/maryandthewax.com\/?product=flashy-green-awoulaba-bavoir#primaryimage"},"thumbnailUrl":"https:\/\/maryandthewax.com\/wp-content\/uploads\/2023\/04\/K3-004-FLASHY-GREEN-AWOULABA-BAVOIR-1.jpg","datePublished":"2023-04-29T00:00:39+00:00","dateModified":"2024-01-05T07:41:42+00:00","breadcrumb":{"@id":"https:\/\/maryandthewax.com\/?product=flashy-green-awoulaba-bavoir#breadcrumb"},"inLanguage":"fr-FR","potentialAction":[{"@type":"ReadAction","target":["https:\/\/maryandthewax.com\/?product=flashy-green-awoulaba-bavoir"]}]},{"@type":"ImageObject","inLanguage":"fr-FR","@id":"https:\/\/maryandthewax.com\/?product=flashy-green-awoulaba-bavoir#primaryimage","url":"https:\/\/maryandthewax.com\/wp-content\/uploads\/2023\/04\/K3-004-FLASHY-GREEN-AWOULABA-BAVOIR-1.jpg","contentUrl":"https:\/\/maryandthewax.com\/wp-content\/uploads\/2023\/04\/K3-004-FLASHY-GREEN-AWOULABA-BAVOIR-1.jpg","width":960,"height":958},{"@type":"BreadcrumbList","@id":"https:\/\/maryandthewax.com\/?product=flashy-green-awoulaba-bavoir#breadcrumb","itemListElement":[{"@type":"ListItem","position":1,"name":"Accueil","item":"https:\/\/maryandthewax.com\/"},{"@type":"ListItem","position":2,"name":"Shop","item":"https:\/\/maryandthewax.com\/?page_id=252790"},{"@type":"ListItem","position":3,"name":"FLASHY GREEN AWOULABA BAVOIR"}]},{"@type":"WebSite","@id":"https:\/\/maryandthewax.com\/#website","url":"https:\/\/maryandthewax.com\/","name":"maryandthewax.com","description":"","publisher":{"@id":"https:\/\/maryandthewax.com\/#organization"},"potentialAction":[{"@type":"SearchAction","target":{"@type":"EntryPoint","urlTemplate":"https:\/\/maryandthewax.com\/?s={search_term_string}"},"query-input":{"@type":"PropertyValueSpecification","valueRequired":true,"valueName":"search_term_string"}}],"inLanguage":"fr-FR"},{"@type":"Organization","@id":"https:\/\/maryandthewax.com\/#organization","name":"maryandthewax.com","url":"https:\/\/maryandthewax.com\/","logo":{"@type":"ImageObject","inLanguage":"fr-FR","@id":"https:\/\/maryandthewax.com\/#\/schema\/logo\/image\/","url":"https:\/\/maryandthewax.com\/wp-content\/uploads\/2023\/11\/LOGO-MATW-THE-WC-ROND-COULEUR-1080x1080-1.jpg","contentUrl":"https:\/\/maryandthewax.com\/wp-content\/uploads\/2023\/11\/LOGO-MATW-THE-WC-ROND-COULEUR-1080x1080-1.jpg","width":1080,"height":1080,"caption":"maryandthewax.com"},"image":{"@id":"https:\/\/maryandthewax.com\/#\/schema\/logo\/image\/"},"sameAs":["https:\/\/www.instagram.com\/maryandthewax\/"]}]}},"_links":{"self":[{"href":"https:\/\/maryandthewax.com\/index.php?rest_route=\/wp\/v2\/product\/250077","targetHints":{"allow":["GET"]}}],"collection":[{"href":"https:\/\/maryandthewax.com\/index.php?rest_route=\/wp\/v2\/product"}],"about":[{"href":"https:\/\/maryandthewax.com\/index.php?rest_route=\/wp\/v2\/types\/product"}],"replies":[{"embeddable":true,"href":"https:\/\/maryandthewax.com\/index.php?rest_route=%2Fwp%2Fv2%2Fcomments&post=250077"}],"wp:featuredmedia":[{"embeddable":true,"href":"https:\/\/maryandthewax.com\/index.php?rest_route=\/wp\/v2\/media\/250078"}],"wp:attachment":[{"href":"https:\/\/maryandthewax.com\/index.php?rest_route=%2Fwp%2Fv2%2Fmedia&parent=250077"}],"wp:term":[{"taxonomy":"product_cat","embeddable":true,"href":"https:\/\/maryandthewax.com\/index.php?rest_route=%2Fwp%2Fv2%2Fproduct_cat&post=250077"},{"taxonomy":"product_tag","embeddable":true,"href":"https:\/\/maryandthewax.com\/index.php?rest_route=%2Fwp%2Fv2%2Fproduct_tag&post=250077"}],"curies":[{"name":"wp","href":"https:\/\/api.w.org\/{rel}","templated":true}]}}